{"id":118,"date":"2017-08-03T09:42:58","date_gmt":"2017-08-03T09:42:58","guid":{"rendered":"http:\/\/art-badkrozingen.de\/?page_id=118"},"modified":"2017-08-05T12:45:58","modified_gmt":"2017-08-05T12:45:58","slug":"christina-filian","status":"publish","type":"page","link":"http:\/\/art-badkrozingen.de\/?page_id=118","title":{"rendered":"Christina Filian"},"content":{"rendered":"<h4>Malerin<\/h4>\n<p>&#8211; in der Pfalz aufgewachsen<br \/>\n&#8211; Studium f\u00fcr das Lehramt an Grund- und Hauptschulen<br \/>\n&#8211; Besuch von Seminaren f\u00fcr Kunsterziehung<br \/>\n&#8211; Besuch von Kursen f\u00fcr verschiedene Techniken in der Acrylmalerei<br \/>\nSeit 2005 besch\u00e4ftige ich mich mit der Acrylmalerei. Es entstehen weitgehend abstrakte, intensive Bildwelten auf Leinwand in Acrylfarben und Mischtechniken. Mit den Elementen Form, Farbe, Linie und Struktur schaffe ich eine eigene Wirklichkeit. Eindr\u00fccke, Stimmungen, Erinnerungen und Gedanken treten als Abstraktion und Konkretion in Erscheinung.<\/p>\n<p>e-mail: <a href=\"mailto:haus-burr@web.de\">haus-burr@web.de<\/a><\/p>\n<p>&nbsp;<\/p>\n<p><img loading=\"lazy\" class=\"alignnone size-full wp-image-171\" src=\"http:\/\/art-badkrozingen.de\/wp-content\/uploads\/2017\/08\/Christina-Filian.jpg\" alt=\"\" width=\"408\" height=\"265\" srcset=\"http:\/\/art-badkrozingen.de\/wp-content\/uploads\/2017\/08\/Christina-Filian.jpg 408w, http:\/\/art-badkrozingen.de\/wp-content\/uploads\/2017\/08\/Christina-Filian-300x195.jpg 300w\" sizes=\"(max-width: 408px) 100vw, 408px\" \/><\/p>\n<p>&nbsp;<\/p>\n<p>&nbsp;<\/p>\n","protected":false},"excerpt":{"rendered":"<p>Malerin &#8211; in der Pfalz aufgewachsen &#8211; Studium f\u00fcr das Lehramt an Grund- und Hauptschulen &#8211; Besuch von Seminaren f\u00fcr Kunsterziehung &#8211; Besuch von Kursen f\u00fcr verschiedene Techniken in der Acrylmalerei Seit 2005 besch\u00e4ftige ich mich mit der Acrylmalerei. Es entstehen weitgehend abstrakte, intensive Bildwelten auf Leinwand in Acrylfarben und Mischtechniken. Mit den Elementen Form, [&hellip;]<\/p>\n","protected":false},"author":1,"featured_media":0,"parent":0,"menu_order":0,"comment_status":"closed","ping_status":"closed","template":"","meta":{"ngg_post_thumbnail":0},"_links":{"self":[{"href":"http:\/\/art-badkrozingen.de\/index.php?rest_route=\/wp\/v2\/pages\/118"}],"collection":[{"href":"http:\/\/art-badkrozingen.de\/index.php?rest_route=\/wp\/v2\/pages"}],"about":[{"href":"http:\/\/art-badkrozingen.de\/index.php?rest_route=\/wp\/v2\/types\/page"}],"author":[{"embeddable":true,"href":"http:\/\/art-badkrozingen.de\/index.php?rest_route=\/wp\/v2\/users\/1"}],"replies":[{"embeddable":true,"href":"http:\/\/art-badkrozingen.de\/index.php?rest_route=%2Fwp%2Fv2%2Fcomments&post=118"}],"version-history":[{"count":6,"href":"http:\/\/art-badkrozingen.de\/index.php?rest_route=\/wp\/v2\/pages\/118\/revisions"}],"predecessor-version":[{"id":336,"href":"http:\/\/art-badkrozingen.de\/index.php?rest_route=\/wp\/v2\/pages\/118\/revisions\/336"}],"wp:attachment":[{"href":"http:\/\/art-badkrozingen.de\/index.php?rest_route=%2Fwp%2Fv2%2Fmedia&parent=118"}],"curies":[{"name":"wp","href":"https:\/\/api.w.org\/{rel}","templated":true}]}}