{"id":136,"date":"2017-08-03T09:48:24","date_gmt":"2017-08-03T09:48:24","guid":{"rendered":"http:\/\/art-badkrozingen.de\/?page_id=136"},"modified":"2025-11-16T14:54:56","modified_gmt":"2025-11-16T14:54:56","slug":"karin-scharf","status":"publish","type":"page","link":"http:\/\/art-badkrozingen.de\/?page_id=136","title":{"rendered":"Karin Scharf"},"content":{"rendered":"<h4>Kunstmalerin<\/h4>\n<p><img loading=\"lazy\" class=\"wp-image-7396 alignright\" src=\"https:\/\/art-badkrozingen.de\/wp-content\/uploads\/2025\/11\/IMG_20251114_150826_edit_1272710060741722.jpg\" alt=\"\" width=\"405\" height=\"279\" srcset=\"http:\/\/art-badkrozingen.de\/wp-content\/uploads\/2025\/11\/IMG_20251114_150826_edit_1272710060741722.jpg 3933w, http:\/\/art-badkrozingen.de\/wp-content\/uploads\/2025\/11\/IMG_20251114_150826_edit_1272710060741722-300x206.jpg 300w, http:\/\/art-badkrozingen.de\/wp-content\/uploads\/2025\/11\/IMG_20251114_150826_edit_1272710060741722-1024x705.jpg 1024w, http:\/\/art-badkrozingen.de\/wp-content\/uploads\/2025\/11\/IMG_20251114_150826_edit_1272710060741722-768x528.jpg 768w, http:\/\/art-badkrozingen.de\/wp-content\/uploads\/2025\/11\/IMG_20251114_150826_edit_1272710060741722-1536x1057.jpg 1536w, http:\/\/art-badkrozingen.de\/wp-content\/uploads\/2025\/11\/IMG_20251114_150826_edit_1272710060741722-2048x1409.jpg 2048w\" sizes=\"(max-width: 405px) 100vw, 405px\" \/><\/p>\n<p>Ich bin in Haan (Rheinland) bei D\u00fcsseldorf geboren. Vor ca. 20 Jahren begann ich meine Ausbildung in Aquarell, Pastellkreide und \u00d6lmalerei. Nach dem Umzug vor 17 Jahren nach Bad Krozingen belegte ich weitere Malkurse bei einem franz\u00f6sischen Kunstmaler f\u00fcr Landschaften und Tiere. Meine innere Einstellung dr\u00fccken meine Bilder in Form und Farbe aus. Malerei ist Liebe und Leben.<\/p>\n<p>e-mail: <a href=\"mailto:1kahoscharf@gmail.com\" target=\"_blank\" rel=\"noopener\">1kahoscharf@gmail.com<\/a><\/p>\n<!-- index.php -->\n<div\n\tclass=\"ngg-galleryoverview ngg-ajax-pagination-none\"\n\tid=\"ngg-gallery-148cadb8996723658a33f4d6509e5133-1\">\n\n    \t<div class=\"slideshowlink\">\n        <a href='http:\/\/art-badkrozingen.de\/index.php\/nggallery\/slideshow?page_id=136'>[Zeige eine Slideshow]<\/a>\n\t\t\n\t<\/div>\n\t\t\t<!-- Thumbnails -->\n\t\t\t\t<div id=\"ngg-image-0\" class=\"ngg-gallery-thumbnail-box\" >\n\t\t\t\t        <div class=\"ngg-gallery-thumbnail\">\n            <a href=\"http:\/\/art-badkrozingen.de\/wp-content\/gallery\/karin-scharf-1\/20230509_134127.jpg\"\n               title=\"\"\n               data-src=\"http:\/\/art-badkrozingen.de\/wp-content\/gallery\/karin-scharf-1\/20230509_134127.jpg\"\n               data-thumbnail=\"http:\/\/art-badkrozingen.de\/wp-content\/gallery\/karin-scharf-1\/thumbs\/thumbs_20230509_134127.jpg\"\n               data-image-id=\"930\"\n               data-title=\"20230509_134127\"\n               data-description=\"\"\n               data-image-slug=\"20230509_134127\"\n               class=\"ngg-fancybox\" rel=\"148cadb8996723658a33f4d6509e5133\">\n                <img\n                    title=\"20230509_134127\"\n                    alt=\"20230509_134127\"\n                    src=\"http:\/\/art-badkrozingen.de\/wp-content\/gallery\/karin-scharf-1\/thumbs\/thumbs_20230509_134127.jpg\"\n                    width=\"200\"\n                    height=\"155\"\n                    style=\"max-width:100%;\"\n                \/>\n            <\/a>\n        <\/div>\n\t\t\t\t\t\t\t<\/div> \n\t\t\t\n        \n\t\t\t\t<div id=\"ngg-image-1\" class=\"ngg-gallery-thumbnail-box\" >\n\t\t\t\t        <div class=\"ngg-gallery-thumbnail\">\n            <a href=\"http:\/\/art-badkrozingen.de\/wp-content\/gallery\/karin-scharf-1\/20230509_133710.jpg\"\n               title=\"\"\n               data-src=\"http:\/\/art-badkrozingen.de\/wp-content\/gallery\/karin-scharf-1\/20230509_133710.jpg\"\n               data-thumbnail=\"http:\/\/art-badkrozingen.de\/wp-content\/gallery\/karin-scharf-1\/thumbs\/thumbs_20230509_133710.jpg\"\n               data-image-id=\"932\"\n               data-title=\"20230509_133710\"\n               data-description=\"\"\n               data-image-slug=\"20230509_133710\"\n               class=\"ngg-fancybox\" rel=\"148cadb8996723658a33f4d6509e5133\">\n                <img\n                    title=\"20230509_133710\"\n                    alt=\"20230509_133710\"\n                    src=\"http:\/\/art-badkrozingen.de\/wp-content\/gallery\/karin-scharf-1\/thumbs\/thumbs_20230509_133710.jpg\"\n                    width=\"200\"\n                    height=\"155\"\n                    style=\"max-width:100%;\"\n                \/>\n            <\/a>\n        <\/div>\n\t\t\t\t\t\t\t<\/div> \n\t\t\t\n        \n\t\t\t\t<div id=\"ngg-image-2\" class=\"ngg-gallery-thumbnail-box\" >\n\t\t\t\t        <div class=\"ngg-gallery-thumbnail\">\n            <a href=\"http:\/\/art-badkrozingen.de\/wp-content\/gallery\/karin-scharf-1\/20230509_133632.jpg\"\n               title=\"\"\n               data-src=\"http:\/\/art-badkrozingen.de\/wp-content\/gallery\/karin-scharf-1\/20230509_133632.jpg\"\n               data-thumbnail=\"http:\/\/art-badkrozingen.de\/wp-content\/gallery\/karin-scharf-1\/thumbs\/thumbs_20230509_133632.jpg\"\n               data-image-id=\"933\"\n               data-title=\"20230509_133632\"\n               data-description=\"\"\n               data-image-slug=\"20230509_133632\"\n               class=\"ngg-fancybox\" rel=\"148cadb8996723658a33f4d6509e5133\">\n                <img\n                    title=\"20230509_133632\"\n                    alt=\"20230509_133632\"\n                    src=\"http:\/\/art-badkrozingen.de\/wp-content\/gallery\/karin-scharf-1\/thumbs\/thumbs_20230509_133632.jpg\"\n                    width=\"200\"\n                    height=\"155\"\n                    style=\"max-width:100%;\"\n                \/>\n            <\/a>\n        <\/div>\n\t\t\t\t\t\t\t<\/div> \n\t\t\t\n        \n\t\t\t\t<div id=\"ngg-image-3\" class=\"ngg-gallery-thumbnail-box\" >\n\t\t\t\t        <div class=\"ngg-gallery-thumbnail\">\n            <a href=\"http:\/\/art-badkrozingen.de\/wp-content\/gallery\/karin-scharf-1\/20230509_134120.jpg\"\n               title=\"\"\n               data-src=\"http:\/\/art-badkrozingen.de\/wp-content\/gallery\/karin-scharf-1\/20230509_134120.jpg\"\n               data-thumbnail=\"http:\/\/art-badkrozingen.de\/wp-content\/gallery\/karin-scharf-1\/thumbs\/thumbs_20230509_134120.jpg\"\n               data-image-id=\"934\"\n               data-title=\"20230509_134120\"\n               data-description=\"\"\n               data-image-slug=\"20230509_134120\"\n               class=\"ngg-fancybox\" rel=\"148cadb8996723658a33f4d6509e5133\">\n                <img\n                    title=\"20230509_134120\"\n                    alt=\"20230509_134120\"\n                    src=\"http:\/\/art-badkrozingen.de\/wp-content\/gallery\/karin-scharf-1\/thumbs\/thumbs_20230509_134120.jpg\"\n                    width=\"200\"\n                    height=\"155\"\n                    style=\"max-width:100%;\"\n                \/>\n            <\/a>\n        <\/div>\n\t\t\t\t\t\t\t<\/div> \n\t\t\t\n        \n\t\t\t\t<div id=\"ngg-image-4\" class=\"ngg-gallery-thumbnail-box\" >\n\t\t\t\t        <div class=\"ngg-gallery-thumbnail\">\n            <a href=\"http:\/\/art-badkrozingen.de\/wp-content\/gallery\/karin-scharf-1\/WhatsApp-Bild-2025-11-05-um-11.36.11_5df77b83.jpg\"\n               title=\"\"\n               data-src=\"http:\/\/art-badkrozingen.de\/wp-content\/gallery\/karin-scharf-1\/WhatsApp-Bild-2025-11-05-um-11.36.11_5df77b83.jpg\"\n               data-thumbnail=\"http:\/\/art-badkrozingen.de\/wp-content\/gallery\/karin-scharf-1\/thumbs\/thumbs_WhatsApp-Bild-2025-11-05-um-11.36.11_5df77b83.jpg\"\n               data-image-id=\"1830\"\n               data-title=\"WhatsApp-Bild-2025-11-05-um-11.36.11_5df77b83\"\n               data-description=\"\"\n               data-image-slug=\"whatsapp-bild-2025-11-05-um-11-36-11_5df77b83\"\n               class=\"ngg-fancybox\" rel=\"148cadb8996723658a33f4d6509e5133\">\n                <img\n                    title=\"WhatsApp-Bild-2025-11-05-um-11.36.11_5df77b83\"\n                    alt=\"WhatsApp-Bild-2025-11-05-um-11.36.11_5df77b83\"\n                    src=\"http:\/\/art-badkrozingen.de\/wp-content\/gallery\/karin-scharf-1\/thumbs\/thumbs_WhatsApp-Bild-2025-11-05-um-11.36.11_5df77b83.jpg\"\n                    width=\"200\"\n                    height=\"155\"\n                    style=\"max-width:100%;\"\n                \/>\n            <\/a>\n        <\/div>\n\t\t\t\t\t\t\t<\/div> \n\t\t\t\n        \n\t\t\t\t<div id=\"ngg-image-5\" class=\"ngg-gallery-thumbnail-box\" >\n\t\t\t\t        <div class=\"ngg-gallery-thumbnail\">\n            <a href=\"http:\/\/art-badkrozingen.de\/wp-content\/gallery\/karin-scharf-1\/WhatsApp-Bild-2025-11-05-um-11.36.11_7b533b54.jpg\"\n               title=\"\"\n               data-src=\"http:\/\/art-badkrozingen.de\/wp-content\/gallery\/karin-scharf-1\/WhatsApp-Bild-2025-11-05-um-11.36.11_7b533b54.jpg\"\n               data-thumbnail=\"http:\/\/art-badkrozingen.de\/wp-content\/gallery\/karin-scharf-1\/thumbs\/thumbs_WhatsApp-Bild-2025-11-05-um-11.36.11_7b533b54.jpg\"\n               data-image-id=\"1831\"\n               data-title=\"WhatsApp-Bild-2025-11-05-um-11.36.11_7b533b54\"\n               data-description=\"\"\n               data-image-slug=\"whatsapp-bild-2025-11-05-um-11-36-11_7b533b54\"\n               class=\"ngg-fancybox\" rel=\"148cadb8996723658a33f4d6509e5133\">\n                <img\n                    title=\"WhatsApp-Bild-2025-11-05-um-11.36.11_7b533b54\"\n                    alt=\"WhatsApp-Bild-2025-11-05-um-11.36.11_7b533b54\"\n                    src=\"http:\/\/art-badkrozingen.de\/wp-content\/gallery\/karin-scharf-1\/thumbs\/thumbs_WhatsApp-Bild-2025-11-05-um-11.36.11_7b533b54.jpg\"\n                    width=\"200\"\n                    height=\"155\"\n                    style=\"max-width:100%;\"\n                \/>\n            <\/a>\n        <\/div>\n\t\t\t\t\t\t\t<\/div> \n\t\t\t\n        \n\t\t\t\t<div id=\"ngg-image-6\" class=\"ngg-gallery-thumbnail-box\" >\n\t\t\t\t        <div class=\"ngg-gallery-thumbnail\">\n            <a href=\"http:\/\/art-badkrozingen.de\/wp-content\/gallery\/karin-scharf-1\/WhatsApp-Bild-2025-11-05-um-11.36.11_29b15e08.jpg\"\n               title=\"\"\n               data-src=\"http:\/\/art-badkrozingen.de\/wp-content\/gallery\/karin-scharf-1\/WhatsApp-Bild-2025-11-05-um-11.36.11_29b15e08.jpg\"\n               data-thumbnail=\"http:\/\/art-badkrozingen.de\/wp-content\/gallery\/karin-scharf-1\/thumbs\/thumbs_WhatsApp-Bild-2025-11-05-um-11.36.11_29b15e08.jpg\"\n               data-image-id=\"1832\"\n               data-title=\"WhatsApp-Bild-2025-11-05-um-11.36.11_29b15e08\"\n               data-description=\"\"\n               data-image-slug=\"whatsapp-bild-2025-11-05-um-11-36-11_29b15e08\"\n               class=\"ngg-fancybox\" rel=\"148cadb8996723658a33f4d6509e5133\">\n                <img\n                    title=\"WhatsApp-Bild-2025-11-05-um-11.36.11_29b15e08\"\n                    alt=\"WhatsApp-Bild-2025-11-05-um-11.36.11_29b15e08\"\n                    src=\"http:\/\/art-badkrozingen.de\/wp-content\/gallery\/karin-scharf-1\/thumbs\/thumbs_WhatsApp-Bild-2025-11-05-um-11.36.11_29b15e08.jpg\"\n                    width=\"200\"\n                    height=\"155\"\n                    style=\"max-width:100%;\"\n                \/>\n            <\/a>\n        <\/div>\n\t\t\t\t\t\t\t<\/div> \n\t\t\t\n        \n\t\t\t\t<div id=\"ngg-image-7\" class=\"ngg-gallery-thumbnail-box\" >\n\t\t\t\t        <div class=\"ngg-gallery-thumbnail\">\n            <a href=\"http:\/\/art-badkrozingen.de\/wp-content\/gallery\/karin-scharf-1\/WhatsApp-Bild-2025-11-05-um-11.36.11_ed6b6949.jpg\"\n               title=\"\"\n               data-src=\"http:\/\/art-badkrozingen.de\/wp-content\/gallery\/karin-scharf-1\/WhatsApp-Bild-2025-11-05-um-11.36.11_ed6b6949.jpg\"\n               data-thumbnail=\"http:\/\/art-badkrozingen.de\/wp-content\/gallery\/karin-scharf-1\/thumbs\/thumbs_WhatsApp-Bild-2025-11-05-um-11.36.11_ed6b6949.jpg\"\n               data-image-id=\"1833\"\n               data-title=\"WhatsApp-Bild-2025-11-05-um-11.36.11_ed6b6949\"\n               data-description=\"\"\n               data-image-slug=\"whatsapp-bild-2025-11-05-um-11-36-11_ed6b6949\"\n               class=\"ngg-fancybox\" rel=\"148cadb8996723658a33f4d6509e5133\">\n                <img\n                    title=\"WhatsApp-Bild-2025-11-05-um-11.36.11_ed6b6949\"\n                    alt=\"WhatsApp-Bild-2025-11-05-um-11.36.11_ed6b6949\"\n                    src=\"http:\/\/art-badkrozingen.de\/wp-content\/gallery\/karin-scharf-1\/thumbs\/thumbs_WhatsApp-Bild-2025-11-05-um-11.36.11_ed6b6949.jpg\"\n                    width=\"200\"\n                    height=\"155\"\n                    style=\"max-width:100%;\"\n                \/>\n            <\/a>\n        <\/div>\n\t\t\t\t\t\t\t<\/div> \n\t\t\t\n        \n\t\t\t\t<div id=\"ngg-image-8\" class=\"ngg-gallery-thumbnail-box\" >\n\t\t\t\t        <div class=\"ngg-gallery-thumbnail\">\n            <a href=\"http:\/\/art-badkrozingen.de\/wp-content\/gallery\/karin-scharf-1\/WhatsApp-Bild-2025-11-05-um-11.36.11_f4c9ab8e.jpg\"\n               title=\"\"\n               data-src=\"http:\/\/art-badkrozingen.de\/wp-content\/gallery\/karin-scharf-1\/WhatsApp-Bild-2025-11-05-um-11.36.11_f4c9ab8e.jpg\"\n               data-thumbnail=\"http:\/\/art-badkrozingen.de\/wp-content\/gallery\/karin-scharf-1\/thumbs\/thumbs_WhatsApp-Bild-2025-11-05-um-11.36.11_f4c9ab8e.jpg\"\n               data-image-id=\"1834\"\n               data-title=\"WhatsApp-Bild-2025-11-05-um-11.36.11_f4c9ab8e\"\n               data-description=\"\"\n               data-image-slug=\"whatsapp-bild-2025-11-05-um-11-36-11_f4c9ab8e\"\n               class=\"ngg-fancybox\" rel=\"148cadb8996723658a33f4d6509e5133\">\n                <img\n                    title=\"WhatsApp-Bild-2025-11-05-um-11.36.11_f4c9ab8e\"\n                    alt=\"WhatsApp-Bild-2025-11-05-um-11.36.11_f4c9ab8e\"\n                    src=\"http:\/\/art-badkrozingen.de\/wp-content\/gallery\/karin-scharf-1\/thumbs\/thumbs_WhatsApp-Bild-2025-11-05-um-11.36.11_f4c9ab8e.jpg\"\n                    width=\"200\"\n                    height=\"155\"\n                    style=\"max-width:100%;\"\n                \/>\n            <\/a>\n        <\/div>\n\t\t\t\t\t\t\t<\/div> \n\t\t\t\n        \n\t\t\t\t<div id=\"ngg-image-9\" class=\"ngg-gallery-thumbnail-box\" >\n\t\t\t\t        <div class=\"ngg-gallery-thumbnail\">\n            <a href=\"http:\/\/art-badkrozingen.de\/wp-content\/gallery\/karin-scharf-1\/WhatsApp-Bild-2025-11-05-um-11.36.11_ed51c30a.jpg\"\n               title=\"\"\n               data-src=\"http:\/\/art-badkrozingen.de\/wp-content\/gallery\/karin-scharf-1\/WhatsApp-Bild-2025-11-05-um-11.36.11_ed51c30a.jpg\"\n               data-thumbnail=\"http:\/\/art-badkrozingen.de\/wp-content\/gallery\/karin-scharf-1\/thumbs\/thumbs_WhatsApp-Bild-2025-11-05-um-11.36.11_ed51c30a.jpg\"\n               data-image-id=\"1835\"\n               data-title=\"WhatsApp-Bild-2025-11-05-um-11.36.11_ed51c30a\"\n               data-description=\"\"\n               data-image-slug=\"whatsapp-bild-2025-11-05-um-11-36-11_ed51c30a\"\n               class=\"ngg-fancybox\" rel=\"148cadb8996723658a33f4d6509e5133\">\n                <img\n                    title=\"WhatsApp-Bild-2025-11-05-um-11.36.11_ed51c30a\"\n                    alt=\"WhatsApp-Bild-2025-11-05-um-11.36.11_ed51c30a\"\n                    src=\"http:\/\/art-badkrozingen.de\/wp-content\/gallery\/karin-scharf-1\/thumbs\/thumbs_WhatsApp-Bild-2025-11-05-um-11.36.11_ed51c30a.jpg\"\n                    width=\"200\"\n                    height=\"155\"\n                    style=\"max-width:100%;\"\n                \/>\n            <\/a>\n        <\/div>\n\t\t\t\t\t\t\t<\/div> \n\t\t\t\n        \n\t\t\t\t<div id=\"ngg-image-10\" class=\"ngg-gallery-thumbnail-box\" >\n\t\t\t\t        <div class=\"ngg-gallery-thumbnail\">\n            <a href=\"http:\/\/art-badkrozingen.de\/wp-content\/gallery\/karin-scharf-1\/IMG_20251114_151157_edit_1272797338141188.jpg\"\n               title=\"\"\n               data-src=\"http:\/\/art-badkrozingen.de\/wp-content\/gallery\/karin-scharf-1\/IMG_20251114_151157_edit_1272797338141188.jpg\"\n               data-thumbnail=\"http:\/\/art-badkrozingen.de\/wp-content\/gallery\/karin-scharf-1\/thumbs\/thumbs_IMG_20251114_151157_edit_1272797338141188.jpg\"\n               data-image-id=\"1836\"\n               data-title=\"hdr\"\n               data-description=\"\"\n               data-image-slug=\"img_20251114_151157_edit_1272797338141188\"\n               class=\"ngg-fancybox\" rel=\"148cadb8996723658a33f4d6509e5133\">\n                <img\n                    title=\"hdr\"\n                    alt=\"hdr\"\n                    src=\"http:\/\/art-badkrozingen.de\/wp-content\/gallery\/karin-scharf-1\/thumbs\/thumbs_IMG_20251114_151157_edit_1272797338141188.jpg\"\n                    width=\"200\"\n                    height=\"155\"\n                    style=\"max-width:100%;\"\n                \/>\n            <\/a>\n        <\/div>\n\t\t\t\t\t\t\t<\/div> \n\t\t\t\n        \n\t\t\t\t<div id=\"ngg-image-11\" class=\"ngg-gallery-thumbnail-box\" >\n\t\t\t\t        <div class=\"ngg-gallery-thumbnail\">\n            <a href=\"http:\/\/art-badkrozingen.de\/wp-content\/gallery\/karin-scharf-1\/IMG_20251114_150132_edit_1272984618154701.jpg\"\n               title=\"\"\n               data-src=\"http:\/\/art-badkrozingen.de\/wp-content\/gallery\/karin-scharf-1\/IMG_20251114_150132_edit_1272984618154701.jpg\"\n               data-thumbnail=\"http:\/\/art-badkrozingen.de\/wp-content\/gallery\/karin-scharf-1\/thumbs\/thumbs_IMG_20251114_150132_edit_1272984618154701.jpg\"\n               data-image-id=\"1837\"\n               data-title=\"IMG_20251114_150132_edit_1272984618154701\"\n               data-description=\"\"\n               data-image-slug=\"img_20251114_150132_edit_1272984618154701\"\n               class=\"ngg-fancybox\" rel=\"148cadb8996723658a33f4d6509e5133\">\n                <img\n                    title=\"IMG_20251114_150132_edit_1272984618154701\"\n                    alt=\"IMG_20251114_150132_edit_1272984618154701\"\n                    src=\"http:\/\/art-badkrozingen.de\/wp-content\/gallery\/karin-scharf-1\/thumbs\/thumbs_IMG_20251114_150132_edit_1272984618154701.jpg\"\n                    width=\"200\"\n                    height=\"155\"\n                    style=\"max-width:100%;\"\n                \/>\n            <\/a>\n        <\/div>\n\t\t\t\t\t\t\t<\/div> \n\t\t\t\n        \n\t\t\t\t<div id=\"ngg-image-12\" class=\"ngg-gallery-thumbnail-box\" >\n\t\t\t\t        <div class=\"ngg-gallery-thumbnail\">\n            <a href=\"http:\/\/art-badkrozingen.de\/wp-content\/gallery\/karin-scharf-1\/IMG_20251114_150355_edit_1272885433629195.jpg\"\n               title=\"\"\n               data-src=\"http:\/\/art-badkrozingen.de\/wp-content\/gallery\/karin-scharf-1\/IMG_20251114_150355_edit_1272885433629195.jpg\"\n               data-thumbnail=\"http:\/\/art-badkrozingen.de\/wp-content\/gallery\/karin-scharf-1\/thumbs\/thumbs_IMG_20251114_150355_edit_1272885433629195.jpg\"\n               data-image-id=\"1838\"\n               data-title=\"IMG_20251114_150355_edit_1272885433629195\"\n               data-description=\"\"\n               data-image-slug=\"img_20251114_150355_edit_1272885433629195\"\n               class=\"ngg-fancybox\" rel=\"148cadb8996723658a33f4d6509e5133\">\n                <img\n                    title=\"IMG_20251114_150355_edit_1272885433629195\"\n                    alt=\"IMG_20251114_150355_edit_1272885433629195\"\n                    src=\"http:\/\/art-badkrozingen.de\/wp-content\/gallery\/karin-scharf-1\/thumbs\/thumbs_IMG_20251114_150355_edit_1272885433629195.jpg\"\n                    width=\"200\"\n                    height=\"155\"\n                    style=\"max-width:100%;\"\n                \/>\n            <\/a>\n        <\/div>\n\t\t\t\t\t\t\t<\/div> \n\t\t\t\n        \n\t\t\t\t<div id=\"ngg-image-13\" class=\"ngg-gallery-thumbnail-box\" >\n\t\t\t\t        <div class=\"ngg-gallery-thumbnail\">\n            <a href=\"http:\/\/art-badkrozingen.de\/wp-content\/gallery\/karin-scharf-1\/IMG_20251114_150507.jpg\"\n               title=\"\"\n               data-src=\"http:\/\/art-badkrozingen.de\/wp-content\/gallery\/karin-scharf-1\/IMG_20251114_150507.jpg\"\n               data-thumbnail=\"http:\/\/art-badkrozingen.de\/wp-content\/gallery\/karin-scharf-1\/thumbs\/thumbs_IMG_20251114_150507.jpg\"\n               data-image-id=\"1839\"\n               data-title=\"IMG_20251114_150507\"\n               data-description=\"\"\n               data-image-slug=\"img_20251114_150507\"\n               class=\"ngg-fancybox\" rel=\"148cadb8996723658a33f4d6509e5133\">\n                <img\n                    title=\"IMG_20251114_150507\"\n                    alt=\"IMG_20251114_150507\"\n                    src=\"http:\/\/art-badkrozingen.de\/wp-content\/gallery\/karin-scharf-1\/thumbs\/thumbs_IMG_20251114_150507.jpg\"\n                    width=\"200\"\n                    height=\"155\"\n                    style=\"max-width:100%;\"\n                \/>\n            <\/a>\n        <\/div>\n\t\t\t\t\t\t\t<\/div> \n\t\t\t\n        \n\t\t\n\t\t<!-- Pagination -->\n\t<div class='ngg-clear'><\/div>\t<\/div>\n\n<p>&nbsp;<\/p>\n<p>&nbsp;<\/p>\n","protected":false},"excerpt":{"rendered":"<p>Kunstmalerin Ich bin in Haan (Rheinland) bei D\u00fcsseldorf geboren. Vor ca. 20 Jahren begann ich meine Ausbildung in Aquarell, Pastellkreide und \u00d6lmalerei. Nach dem Umzug vor 17 Jahren nach Bad Krozingen belegte ich weitere Malkurse bei einem franz\u00f6sischen Kunstmaler f\u00fcr Landschaften und Tiere. Meine innere Einstellung dr\u00fccken meine Bilder in Form und Farbe aus. Malerei [&hellip;]<\/p>\n","protected":false},"author":1,"featured_media":0,"parent":0,"menu_order":0,"comment_status":"closed","ping_status":"closed","template":"","meta":{"ngg_post_thumbnail":0},"_links":{"self":[{"href":"http:\/\/art-badkrozingen.de\/index.php?rest_route=\/wp\/v2\/pages\/136"}],"collection":[{"href":"http:\/\/art-badkrozingen.de\/index.php?rest_route=\/wp\/v2\/pages"}],"about":[{"href":"http:\/\/art-badkrozingen.de\/index.php?rest_route=\/wp\/v2\/types\/page"}],"author":[{"embeddable":true,"href":"http:\/\/art-badkrozingen.de\/index.php?rest_route=\/wp\/v2\/users\/1"}],"replies":[{"embeddable":true,"href":"http:\/\/art-badkrozingen.de\/index.php?rest_route=%2Fwp%2Fv2%2Fcomments&post=136"}],"version-history":[{"count":31,"href":"http:\/\/art-badkrozingen.de\/index.php?rest_route=\/wp\/v2\/pages\/136\/revisions"}],"predecessor-version":[{"id":7408,"href":"http:\/\/art-badkrozingen.de\/index.php?rest_route=\/wp\/v2\/pages\/136\/revisions\/7408"}],"wp:attachment":[{"href":"http:\/\/art-badkrozingen.de\/index.php?rest_route=%2Fwp%2Fv2%2Fmedia&parent=136"}],"curies":[{"name":"wp","href":"https:\/\/api.w.org\/{rel}","templated":true}]}}