{"id":225,"date":"2017-08-04T13:45:47","date_gmt":"2017-08-04T13:45:47","guid":{"rendered":"http:\/\/art-badkrozingen.de\/?page_id=225"},"modified":"2023-06-11T13:34:03","modified_gmt":"2023-06-11T13:34:03","slug":"art-treffen","status":"publish","type":"page","link":"http:\/\/art-badkrozingen.de\/?page_id=225","title":{"rendered":"ART Treffen"},"content":{"rendered":"<p>Jeden ersten Mittwoch im Monat (au\u00dfer Juli und August) treffen sich Mitglieder, Freunde und Interessierte um aktuelle Themen, Ideen und Projekte zu besprechen<\/p>\n<p>Ort: Kurhaus Bad Krozingen , Raum Burggraben oder Raum M\u00f6hlin, bei Vortr\u00e4gen im Platanensaal, 19 Uhr<\/p>\n<blockquote><p>N\u00e4chstes ART-Treffen: siehe Startseite<\/p><\/blockquote>\n<p>&nbsp;<\/p>\n","protected":false},"excerpt":{"rendered":"<p>Jeden ersten Mittwoch im Monat (au\u00dfer Juli und August) treffen sich Mitglieder, Freunde und Interessierte um aktuelle Themen, Ideen und Projekte zu besprechen Ort: Kurhaus Bad Krozingen , Raum Burggraben oder Raum M\u00f6hlin, bei Vortr\u00e4gen im Platanensaal, 19 Uhr N\u00e4chstes ART-Treffen: siehe Startseite &nbsp;<\/p>\n","protected":false},"author":1,"featured_media":0,"parent":2,"menu_order":1,"comment_status":"closed","ping_status":"closed","template":"","meta":{"ngg_post_thumbnail":0},"_links":{"self":[{"href":"http:\/\/art-badkrozingen.de\/index.php?rest_route=\/wp\/v2\/pages\/225"}],"collection":[{"href":"http:\/\/art-badkrozingen.de\/index.php?rest_route=\/wp\/v2\/pages"}],"about":[{"href":"http:\/\/art-badkrozingen.de\/index.php?rest_route=\/wp\/v2\/types\/page"}],"author":[{"embeddable":true,"href":"http:\/\/art-badkrozingen.de\/index.php?rest_route=\/wp\/v2\/users\/1"}],"replies":[{"embeddable":true,"href":"http:\/\/art-badkrozingen.de\/index.php?rest_route=%2Fwp%2Fv2%2Fcomments&post=225"}],"version-history":[{"count":9,"href":"http:\/\/art-badkrozingen.de\/index.php?rest_route=\/wp\/v2\/pages\/225\/revisions"}],"predecessor-version":[{"id":5314,"href":"http:\/\/art-badkrozingen.de\/index.php?rest_route=\/wp\/v2\/pages\/225\/revisions\/5314"}],"up":[{"embeddable":true,"href":"http:\/\/art-badkrozingen.de\/index.php?rest_route=\/wp\/v2\/pages\/2"}],"wp:attachment":[{"href":"http:\/\/art-badkrozingen.de\/index.php?rest_route=%2Fwp%2Fv2%2Fmedia&parent=225"}],"curies":[{"name":"wp","href":"https:\/\/api.w.org\/{rel}","templated":true}]}}