{"id":3449,"date":"2020-03-16T17:32:41","date_gmt":"2020-03-16T17:32:41","guid":{"rendered":"http:\/\/art-badkrozingen.de\/?page_id=3449"},"modified":"2020-05-23T08:39:43","modified_gmt":"2020-05-23T08:39:43","slug":"ute-goernandt","status":"publish","type":"page","link":"http:\/\/art-badkrozingen.de\/?page_id=3449","title":{"rendered":"Ute G\u00f6rnandt"},"content":{"rendered":"<p><strong>Mixed-Media K\u00fcnstlerin, Fotografin<\/strong><\/p>\n<p>Mein k\u00fcnstlerischer Weg begann als Kind in den 40er Jahren. Ich bin Autodidaktin und war in meinem Berufsleben Redakteurin.<\/p>\n<p>Die Malerei und das Fotografieren begleiteten mich durch viele Lebensjahrzehnte. So war ich in den 80er Jahren mit der Malerei aktives Mitglied in 2 Stuttgarter K\u00fcnstlergruppen. Zu Beginn der 90er Jahre er\u00f6ffnete mir die digitale Fotografie die neue Welt der Bildbearbeitung (Montagen, Experimentieren mit mehreren Ebenen usw.).<\/p>\n<p>Ich hatte mit meiner Fotokunst 3 Einzelausstellungen und durfte h\u00e4ufig an Gruppenausstellungen teilnehmen, die aus Wettbewerben hervorgingen. So wurde ich in den Jahren 2009 bis 2016 viele Male bei der Deutschen Fotoschau in Berlin angenommen und war dort Preistr\u00e4gerin f\u00fcr meine Bilder zum Thema &#8220;Basler Fasnacht&#8221;. Ein sch\u00f6ner Erfolg im Jahr 2010 war ein Anerkennungspreis beim Fotowettbewerb &#8220;Neue Bilder vom Alter(n), der unter der Schirmherrschaft von Bundesministerin Annette Schavan ausgeschrieben war.<\/p>\n<p>ute.goernandt@web.de &nbsp;<\/p>\n<p><img loading=\"lazy\" class=\"size-full wp-image-3442 alignnone\" src=\"https:\/\/art-badkrozingen.de\/wp-content\/uploads\/2020\/03\/Bild-1-Bad-e1584378711352.jpg\" alt=\"\" width=\"800\" height=\"600\"><img loading=\"lazy\" class=\"size-full wp-image-3443 alignnone\" src=\"https:\/\/art-badkrozingen.de\/wp-content\/uploads\/2020\/03\/Bild-2-Bad-e1584378672864.jpg\" alt=\"\" width=\"800\" height=\"600\"><img loading=\"lazy\" class=\"size-full wp-image-3444 alignnone\" src=\"https:\/\/art-badkrozingen.de\/wp-content\/uploads\/2020\/03\/Bild-3-Bad-e1584378620267.jpg\" alt=\"\" width=\"800\" height=\"600\"><img loading=\"lazy\" class=\"size-full wp-image-3437 alignnone\" src=\"https:\/\/art-badkrozingen.de\/wp-content\/uploads\/2020\/03\/Bild-4-Bad-e1584378767666.jpg\" alt=\"\" width=\"800\" height=\"600\"><img loading=\"lazy\" class=\"size-full wp-image-3438 alignnone\" src=\"https:\/\/art-badkrozingen.de\/wp-content\/uploads\/2020\/03\/Bild-5-e1584378741290.jpg\" alt=\"\" width=\"800\" height=\"600\"><\/p>\n","protected":false},"excerpt":{"rendered":"<p>Mixed-Media K\u00fcnstlerin, Fotografin Mein k\u00fcnstlerischer Weg begann als Kind in den 40er Jahren. Ich bin Autodidaktin und war in meinem Berufsleben Redakteurin. Die Malerei und das Fotografieren begleiteten mich durch viele Lebensjahrzehnte. So war ich in den 80er Jahren mit der Malerei aktives Mitglied in 2 Stuttgarter K\u00fcnstlergruppen. Zu Beginn der 90er Jahre er\u00f6ffnete mir [&hellip;]<\/p>\n","protected":false},"author":1,"featured_media":0,"parent":0,"menu_order":0,"comment_status":"closed","ping_status":"closed","template":"","meta":{"ngg_post_thumbnail":0},"_links":{"self":[{"href":"http:\/\/art-badkrozingen.de\/index.php?rest_route=\/wp\/v2\/pages\/3449"}],"collection":[{"href":"http:\/\/art-badkrozingen.de\/index.php?rest_route=\/wp\/v2\/pages"}],"about":[{"href":"http:\/\/art-badkrozingen.de\/index.php?rest_route=\/wp\/v2\/types\/page"}],"author":[{"embeddable":true,"href":"http:\/\/art-badkrozingen.de\/index.php?rest_route=\/wp\/v2\/users\/1"}],"replies":[{"embeddable":true,"href":"http:\/\/art-badkrozingen.de\/index.php?rest_route=%2Fwp%2Fv2%2Fcomments&post=3449"}],"version-history":[{"count":3,"href":"http:\/\/art-badkrozingen.de\/index.php?rest_route=\/wp\/v2\/pages\/3449\/revisions"}],"predecessor-version":[{"id":3530,"href":"http:\/\/art-badkrozingen.de\/index.php?rest_route=\/wp\/v2\/pages\/3449\/revisions\/3530"}],"wp:attachment":[{"href":"http:\/\/art-badkrozingen.de\/index.php?rest_route=%2Fwp%2Fv2%2Fmedia&parent=3449"}],"curies":[{"name":"wp","href":"https:\/\/api.w.org\/{rel}","templated":true}]}}

Ute Görnandt

<p><strong>Mixed-Media Künstlerin, Fotografin</strong></p>
<p>Mein künstlerischer Weg begann als Kind in den 40er Jahren. Ich bin Autodidaktin und war in meinem Berufsleben Redakteurin.</p>
<p>Die Malerei und das Fotografieren begleiteten mich durch viele Lebensjahrzehnte. So war ich in den 80er Jahren mit der Malerei aktives Mitglied in 2 Stuttgarter Künstlergruppen. Zu Beginn der 90er Jahre eröffnete mir die digitale Fotografie die neue Welt der Bildbearbeitung (Montagen, Experimentieren mit mehreren Ebenen usw.).</p>
<p>Ich hatte mit meiner Fotokunst 3 Einzelausstellungen und durfte häufig an Gruppenausstellungen teilnehmen, die aus Wettbewerben hervorgingen. So wurde ich in den Jahren 2009 bis 2016 viele Male bei der Deutschen Fotoschau in Berlin angenommen und war dort Preisträgerin für meine Bilder zum Thema &#8220;Basler Fasnacht&#8221;. Ein schöner Erfolg im Jahr 2010 war ein Anerkennungspreis beim Fotowettbewerb &#8220;Neue Bilder vom Alter(n), der unter der Schirmherrschaft von Bundesministerin Annette Schavan ausgeschrieben war.</p>
<p>ute.goernandt@web.de &nbsp;</p>
<p><img loading="lazy" class="size-full wp-image-3442 alignnone" src="https://art-badkrozingen.de/wp-content/uploads/2020/03/Bild-1-Bad-e1584378711352.jpg" alt="" width="800" height="600"><img loading="lazy" class="size-full wp-image-3443 alignnone" src="https://art-badkrozingen.de/wp-content/uploads/2020/03/Bild-2-Bad-e1584378672864.jpg" alt="" width="800" height="600"><img loading="lazy" class="size-full wp-image-3444 alignnone" src="https://art-badkrozingen.de/wp-content/uploads/2020/03/Bild-3-Bad-e1584378620267.jpg" alt="" width="800" height="600"><img loading="lazy" class="size-full wp-image-3437 alignnone" src="https://art-badkrozingen.de/wp-content/uploads/2020/03/Bild-4-Bad-e1584378767666.jpg" alt="" width="800" height="600"><img loading="lazy" class="size-full wp-image-3438 alignnone" src="https://art-badkrozingen.de/wp-content/uploads/2020/03/Bild-5-e1584378741290.jpg" alt="" width="800" height="600"></p>

<p>Mixed-Media Künstlerin, Fotografin Mein künstlerischer Weg begann als Kind in den 40er Jahren. Ich bin Autodidaktin und war in meinem Berufsleben Redakteurin. Die Malerei und das Fotografieren begleiteten mich durch viele Lebensjahrzehnte. So war ich in den 80er Jahren mit der Malerei aktives Mitglied in 2 Stuttgarter Künstlergruppen. Zu Beginn der 90er Jahre eröffnete mir [&hellip;]</p>
