{"id":5343,"date":"2023-06-22T08:37:11","date_gmt":"2023-06-22T08:37:11","guid":{"rendered":"https:\/\/art-badkrozingen.de\/?page_id=5343"},"modified":"2025-10-04T14:36:35","modified_gmt":"2025-10-04T14:36:35","slug":"klaus-arnold","status":"publish","type":"page","link":"http:\/\/art-badkrozingen.de\/?page_id=5343","title":{"rendered":"Klaus Arnold"},"content":{"rendered":"<p>Malerei und Zeichnungen<\/p>\n<p>Interesse an Malen und Zeichnen hatte ich schon als Jugendlicher, aber erst sehr viel sp\u00e4ter habe ich mich mit verschiedenen Techniken , privat und ohne gro\u00dfe Ambitionen, auseinandergesetzt, &nbsp;d.h. ich habe als Dilettant immer wieder einmal zu Pinsel oder Stift gegriffen und versucht, Erlebtes und Gesehenes in Skizzen und anderen Arbeiten festzuhalten, vor allem auf Reisen und w\u00e4hrend eines siebenj\u00e4hrigen Aufenthalts in Italien; dabei ist es bis heute geblieben.<\/p>\n<p>Beruflich arbeite ich als \u00dcbersetzer, dazu geh\u00f6ren auch Literatur\u00fcbersetzungen.<\/p>\n<!-- index.php -->\n<div\n\tclass=\"ngg-galleryoverview ngg-ajax-pagination-none\"\n\tid=\"ngg-gallery-f36b08560c3e24fa09ef315c10c5c5c8-1\">\n\n    \t<div class=\"slideshowlink\">\n        <a href='http:\/\/art-badkrozingen.de\/index.php\/nggallery\/slideshow?page_id=5343'>[Zeige eine Slideshow]<\/a>\n\t\t\n\t<\/div>\n\t\t\t<!-- Thumbnails -->\n\t\t\t\t<div id=\"ngg-image-0\" class=\"ngg-gallery-thumbnail-box\" >\n\t\t\t\t        <div class=\"ngg-gallery-thumbnail\">\n            <a href=\"http:\/\/art-badkrozingen.de\/wp-content\/gallery\/klaus-arnold-1\/12839A1A-A626-4302-A351-A98ADCB02D6E.jpeg\"\n               title=\"\"\n               data-src=\"http:\/\/art-badkrozingen.de\/wp-content\/gallery\/klaus-arnold-1\/12839A1A-A626-4302-A351-A98ADCB02D6E.jpeg\"\n               data-thumbnail=\"http:\/\/art-badkrozingen.de\/wp-content\/gallery\/klaus-arnold-1\/thumbs\/thumbs_12839A1A-A626-4302-A351-A98ADCB02D6E.jpeg\"\n               data-image-id=\"995\"\n               data-title=\"12839A1A-A626-4302-A351-A98ADCB02D6E\"\n               data-description=\"\"\n               data-image-slug=\"12839a1a-a626-4302-a351-a98adcb02d6e-1\"\n               class=\"ngg-fancybox\" rel=\"f36b08560c3e24fa09ef315c10c5c5c8\">\n                <img\n                    title=\"12839A1A-A626-4302-A351-A98ADCB02D6E\"\n                    alt=\"12839A1A-A626-4302-A351-A98ADCB02D6E\"\n                    src=\"http:\/\/art-badkrozingen.de\/wp-content\/gallery\/klaus-arnold-1\/thumbs\/thumbs_12839A1A-A626-4302-A351-A98ADCB02D6E.jpeg\"\n                    width=\"200\"\n                    height=\"155\"\n                    style=\"max-width:100%;\"\n                \/>\n            <\/a>\n        <\/div>\n\t\t\t\t\t\t\t<\/div> \n\t\t\t\n        \n\t\t\t\t<div id=\"ngg-image-1\" class=\"ngg-gallery-thumbnail-box\" >\n\t\t\t\t        <div class=\"ngg-gallery-thumbnail\">\n            <a href=\"http:\/\/art-badkrozingen.de\/wp-content\/gallery\/klaus-arnold-1\/3361BBDC-86D5-4919-85B4-11BE26012DFC.jpeg\"\n               title=\"\"\n               data-src=\"http:\/\/art-badkrozingen.de\/wp-content\/gallery\/klaus-arnold-1\/3361BBDC-86D5-4919-85B4-11BE26012DFC.jpeg\"\n               data-thumbnail=\"http:\/\/art-badkrozingen.de\/wp-content\/gallery\/klaus-arnold-1\/thumbs\/thumbs_3361BBDC-86D5-4919-85B4-11BE26012DFC.jpeg\"\n               data-image-id=\"997\"\n               data-title=\"3361BBDC-86D5-4919-85B4-11BE26012DFC\"\n               data-description=\"\"\n               data-image-slug=\"3361bbdc-86d5-4919-85b4-11be26012dfc-1\"\n               class=\"ngg-fancybox\" rel=\"f36b08560c3e24fa09ef315c10c5c5c8\">\n                <img\n                    title=\"3361BBDC-86D5-4919-85B4-11BE26012DFC\"\n                    alt=\"3361BBDC-86D5-4919-85B4-11BE26012DFC\"\n                    src=\"http:\/\/art-badkrozingen.de\/wp-content\/gallery\/klaus-arnold-1\/thumbs\/thumbs_3361BBDC-86D5-4919-85B4-11BE26012DFC.jpeg\"\n                    width=\"200\"\n                    height=\"155\"\n                    style=\"max-width:100%;\"\n                \/>\n            <\/a>\n        <\/div>\n\t\t\t\t\t\t\t<\/div> \n\t\t\t\n        \n\t\t\t\t<div id=\"ngg-image-2\" class=\"ngg-gallery-thumbnail-box\" >\n\t\t\t\t        <div class=\"ngg-gallery-thumbnail\">\n            <a href=\"http:\/\/art-badkrozingen.de\/wp-content\/gallery\/klaus-arnold-1\/6A7184A1-39FF-4484-A2AF-ED20B42A0B89.jpeg\"\n               title=\"\"\n               data-src=\"http:\/\/art-badkrozingen.de\/wp-content\/gallery\/klaus-arnold-1\/6A7184A1-39FF-4484-A2AF-ED20B42A0B89.jpeg\"\n               data-thumbnail=\"http:\/\/art-badkrozingen.de\/wp-content\/gallery\/klaus-arnold-1\/thumbs\/thumbs_6A7184A1-39FF-4484-A2AF-ED20B42A0B89.jpeg\"\n               data-image-id=\"999\"\n               data-title=\"6A7184A1-39FF-4484-A2AF-ED20B42A0B89\"\n               data-description=\"\"\n               data-image-slug=\"6a7184a1-39ff-4484-a2af-ed20b42a0b89-1\"\n               class=\"ngg-fancybox\" rel=\"f36b08560c3e24fa09ef315c10c5c5c8\">\n                <img\n                    title=\"6A7184A1-39FF-4484-A2AF-ED20B42A0B89\"\n                    alt=\"6A7184A1-39FF-4484-A2AF-ED20B42A0B89\"\n                    src=\"http:\/\/art-badkrozingen.de\/wp-content\/gallery\/klaus-arnold-1\/thumbs\/thumbs_6A7184A1-39FF-4484-A2AF-ED20B42A0B89.jpeg\"\n                    width=\"200\"\n                    height=\"155\"\n                    style=\"max-width:100%;\"\n                \/>\n            <\/a>\n        <\/div>\n\t\t\t\t\t\t\t<\/div> \n\t\t\t\n        \n\t\t\t\t<div id=\"ngg-image-3\" class=\"ngg-gallery-thumbnail-box\" >\n\t\t\t\t        <div class=\"ngg-gallery-thumbnail\">\n            <a href=\"http:\/\/art-badkrozingen.de\/wp-content\/gallery\/klaus-arnold-1\/B2025447-2C3E-44D5-8217-679EEF3A0418.jpeg\"\n               title=\"\"\n               data-src=\"http:\/\/art-badkrozingen.de\/wp-content\/gallery\/klaus-arnold-1\/B2025447-2C3E-44D5-8217-679EEF3A0418.jpeg\"\n               data-thumbnail=\"http:\/\/art-badkrozingen.de\/wp-content\/gallery\/klaus-arnold-1\/thumbs\/thumbs_B2025447-2C3E-44D5-8217-679EEF3A0418.jpeg\"\n               data-image-id=\"1001\"\n               data-title=\"B2025447-2C3E-44D5-8217-679EEF3A0418\"\n               data-description=\"\"\n               data-image-slug=\"b2025447-2c3e-44d5-8217-679eef3a0418-1\"\n               class=\"ngg-fancybox\" rel=\"f36b08560c3e24fa09ef315c10c5c5c8\">\n                <img\n                    title=\"B2025447-2C3E-44D5-8217-679EEF3A0418\"\n                    alt=\"B2025447-2C3E-44D5-8217-679EEF3A0418\"\n                    src=\"http:\/\/art-badkrozingen.de\/wp-content\/gallery\/klaus-arnold-1\/thumbs\/thumbs_B2025447-2C3E-44D5-8217-679EEF3A0418.jpeg\"\n                    width=\"200\"\n                    height=\"155\"\n                    style=\"max-width:100%;\"\n                \/>\n            <\/a>\n        <\/div>\n\t\t\t\t\t\t\t<\/div> \n\t\t\t\n        \n\t\t\t\t<div id=\"ngg-image-4\" class=\"ngg-gallery-thumbnail-box\" >\n\t\t\t\t        <div class=\"ngg-gallery-thumbnail\">\n            <a href=\"http:\/\/art-badkrozingen.de\/wp-content\/gallery\/klaus-arnold-1\/D394300F-1ACC-45AE-8144-CF1C55B775B2.jpeg\"\n               title=\"\"\n               data-src=\"http:\/\/art-badkrozingen.de\/wp-content\/gallery\/klaus-arnold-1\/D394300F-1ACC-45AE-8144-CF1C55B775B2.jpeg\"\n               data-thumbnail=\"http:\/\/art-badkrozingen.de\/wp-content\/gallery\/klaus-arnold-1\/thumbs\/thumbs_D394300F-1ACC-45AE-8144-CF1C55B775B2.jpeg\"\n               data-image-id=\"1003\"\n               data-title=\"D394300F-1ACC-45AE-8144-CF1C55B775B2\"\n               data-description=\"\"\n               data-image-slug=\"d394300f-1acc-45ae-8144-cf1c55b775b2-1\"\n               class=\"ngg-fancybox\" rel=\"f36b08560c3e24fa09ef315c10c5c5c8\">\n                <img\n                    title=\"D394300F-1ACC-45AE-8144-CF1C55B775B2\"\n                    alt=\"D394300F-1ACC-45AE-8144-CF1C55B775B2\"\n                    src=\"http:\/\/art-badkrozingen.de\/wp-content\/gallery\/klaus-arnold-1\/thumbs\/thumbs_D394300F-1ACC-45AE-8144-CF1C55B775B2.jpeg\"\n                    width=\"200\"\n                    height=\"155\"\n                    style=\"max-width:100%;\"\n                \/>\n            <\/a>\n        <\/div>\n\t\t\t\t\t\t\t<\/div> \n\t\t\t\n        \n\t\t\n\t\t<!-- Pagination -->\n\t<div class='ngg-clear'><\/div>\t<\/div>\n\n","protected":false},"excerpt":{"rendered":"<p>Malerei und Zeichnungen Interesse an Malen und Zeichnen hatte ich schon als Jugendlicher, aber erst sehr viel sp\u00e4ter habe ich mich mit verschiedenen Techniken , privat und ohne gro\u00dfe Ambitionen, auseinandergesetzt, &nbsp;d.h. ich habe als Dilettant immer wieder einmal zu Pinsel oder Stift gegriffen und versucht, Erlebtes und Gesehenes in Skizzen und anderen Arbeiten festzuhalten, [&hellip;]<\/p>\n","protected":false},"author":1,"featured_media":0,"parent":0,"menu_order":0,"comment_status":"closed","ping_status":"closed","template":"","meta":{"ngg_post_thumbnail":0},"_links":{"self":[{"href":"http:\/\/art-badkrozingen.de\/index.php?rest_route=\/wp\/v2\/pages\/5343"}],"collection":[{"href":"http:\/\/art-badkrozingen.de\/index.php?rest_route=\/wp\/v2\/pages"}],"about":[{"href":"http:\/\/art-badkrozingen.de\/index.php?rest_route=\/wp\/v2\/types\/page"}],"author":[{"embeddable":true,"href":"http:\/\/art-badkrozingen.de\/index.php?rest_route=\/wp\/v2\/users\/1"}],"replies":[{"embeddable":true,"href":"http:\/\/art-badkrozingen.de\/index.php?rest_route=%2Fwp%2Fv2%2Fcomments&post=5343"}],"version-history":[{"count":3,"href":"http:\/\/art-badkrozingen.de\/index.php?rest_route=\/wp\/v2\/pages\/5343\/revisions"}],"predecessor-version":[{"id":5421,"href":"http:\/\/art-badkrozingen.de\/index.php?rest_route=\/wp\/v2\/pages\/5343\/revisions\/5421"}],"wp:attachment":[{"href":"http:\/\/art-badkrozingen.de\/index.php?rest_route=%2Fwp%2Fv2%2Fmedia&parent=5343"}],"curies":[{"name":"wp","href":"https:\/\/api.w.org\/{rel}","templated":true}]}}