{"id":6715,"date":"2025-06-22T14:13:09","date_gmt":"2025-06-22T14:13:09","guid":{"rendered":"https:\/\/art-badkrozingen.de\/?page_id=6715"},"modified":"2026-04-24T17:22:59","modified_gmt":"2026-04-24T17:22:59","slug":"kuenstlergalerie","status":"publish","type":"page","link":"http:\/\/art-badkrozingen.de\/?page_id=6715","title":{"rendered":"Colette Schudy"},"content":{"rendered":"<p style=\"text-align: left;\"><img loading=\"lazy\" class=\"size-full wp-image-7644 alignleft\" src=\"https:\/\/art-badkrozingen.de\/wp-content\/uploads\/2026\/04\/Colette-Schudy.jpg\" alt=\"\" width=\"187\" height=\"217\"><\/p>\n<p>J&#8217;ai eu l&#8217;opportunit\u00e9 de participer \u00e0 l&#8217;atelier d&#8217;aquarelle de Fernand Lamy il y a 20 ans, qui m&#8217;a donn\u00e9 la passion de cette technique originale et exigeante, elle ne m&#8217;a jamais quitt\u00e9. Ma participation \u00e0 diff\u00e9rentes expositions locales et internationales m&#8217;a permis de m&#8217;ins\u00e9rer dans le monde artistique.&nbsp;&nbsp;Les quelques prix obtenus m&#8217;ont encourag\u00e9 \u00e0 continuer.<\/p>\n<p>Mon th\u00e8me de pr\u00e9dilection va aux fleurs, animaux et mouvements. J&#8217;ai eu l&#8217;opportunit\u00e9 de participer \u00e0 l&#8217;atelier d&#8217;aquarelle de Fernand Lamy il y a 20 ans, qui m&#8217;a donn\u00e9 la passion de cette technique originale et exigeante, elle ne m&#8217;a jamais quitt\u00e9.&nbsp;Ma participation \u00e0 diff\u00e9rentes expositions locales et internationales m&#8217;a permis de m&#8217;ins\u00e9rer dans le monde artistique.&nbsp; Les quelques prix obtenus m&#8217;ont encourag\u00e9 \u00e0 continuer. Mon th\u00e8me de pr\u00e9dilection va aux fleurs, animaux et mouvements.<\/p>\n<p style=\"text-align: left;\"><span dir=\"auto\" style=\"vertical-align: inherit;\"><span dir=\"auto\" style=\"vertical-align: inherit;\">Vor 20 Jahren hatte ich die Gelegenheit, an Fernand Lamys Aquarellworkshop teilzunehmen. Dieser Workshop entfachte meine Leidenschaft f\u00fcr diese einzigartige und anspruchsvolle Technik, die mich bis heute nicht losgelassen hat. Durch meine Teilnahme an verschiedenen nationalen und internationalen Ausstellungen konnte ich mich in der Kunstwelt etablieren. Die wenigen Auszeichnungen, die ich erhalten habe, haben mich ermutigt, weiterzumachen.&nbsp;<\/span><\/span><\/p>\n<p><span dir=\"auto\" style=\"vertical-align: inherit;\"><span dir=\"auto\" style=\"vertical-align: inherit;\">Meine Lieblingsmotive sind Blumen, Tiere und Bewegung. Vor 20 Jahren hatte ich die Gelegenheit, an Fernand Lamys Aquarellworkshop teilzunehmen, der in mir eine Leidenschaft f\u00fcr diese originelle und anspruchsvolle Technik weckte \u2013 eine Leidenschaft, die mich bis heute nicht losgelassen hat. <\/span><\/span><span dir=\"auto\" style=\"vertical-align: inherit;\"><span dir=\"auto\" style=\"vertical-align: inherit;\">Durch meine Teilnahme an verschiedenen nationalen und internationalen Ausstellungen konnte ich mich in der Kunstwelt etablieren. Die wenigen Preise, die ich gewonnen habe, haben mich ermutigt, weiterzumachen. Meine bevorzugten Themen sind Blumen, Tiere und Bewegung.<\/span><\/span><\/p>\n<p><!-- index.php -->\n<div\n\tclass=\"ngg-galleryoverview ngg-ajax-pagination-none\"\n\tid=\"ngg-gallery-97e3fb826a21428b0d1f3ebccdd94a25-1\">\n\n    \t<div class=\"slideshowlink\">\n        <a href='http:\/\/art-badkrozingen.de\/index.php\/nggallery\/slideshow?page_id=6715'>[Zeige eine Slideshow]<\/a>\n\t\t\n\t<\/div>\n\t\t\t<!-- Thumbnails -->\n\t\t\t\t<div id=\"ngg-image-0\" class=\"ngg-gallery-thumbnail-box\" >\n\t\t\t\t        <div class=\"ngg-gallery-thumbnail\">\n            <a href=\"http:\/\/art-badkrozingen.de\/wp-content\/gallery\/colette-schudy\/Screenshot_20250718-0859532.png\"\n               title=\"\"\n               data-src=\"http:\/\/art-badkrozingen.de\/wp-content\/gallery\/colette-schudy\/Screenshot_20250718-0859532.png\"\n               data-thumbnail=\"http:\/\/art-badkrozingen.de\/wp-content\/gallery\/colette-schudy\/thumbs\/thumbs_Screenshot_20250718-0859532.png\"\n               data-image-id=\"1875\"\n               data-title=\"Screenshot_20250718-0859532\"\n               data-description=\"\"\n               data-image-slug=\"screenshot_20250718-0859532\"\n               class=\"ngg-fancybox\" rel=\"97e3fb826a21428b0d1f3ebccdd94a25\">\n                <img\n                    title=\"Screenshot_20250718-0859532\"\n                    alt=\"Screenshot_20250718-0859532\"\n                    src=\"http:\/\/art-badkrozingen.de\/wp-content\/gallery\/colette-schudy\/thumbs\/thumbs_Screenshot_20250718-0859532.png\"\n                    width=\"200\"\n                    height=\"155\"\n                    style=\"max-width:100%;\"\n                \/>\n            <\/a>\n        <\/div>\n\t\t\t\t\t\t\t<\/div> \n\t\t\t\n        \n\t\t\t\t<div id=\"ngg-image-1\" class=\"ngg-gallery-thumbnail-box\" >\n\t\t\t\t        <div class=\"ngg-gallery-thumbnail\">\n            <a href=\"http:\/\/art-badkrozingen.de\/wp-content\/gallery\/colette-schudy\/DSC_49902.jpg\"\n               title=\"\"\n               data-src=\"http:\/\/art-badkrozingen.de\/wp-content\/gallery\/colette-schudy\/DSC_49902.jpg\"\n               data-thumbnail=\"http:\/\/art-badkrozingen.de\/wp-content\/gallery\/colette-schudy\/thumbs\/thumbs_DSC_49902.jpg\"\n               data-image-id=\"1876\"\n               data-title=\"DSC_49902\"\n               data-description=\"\"\n               data-image-slug=\"dsc_49902\"\n               class=\"ngg-fancybox\" rel=\"97e3fb826a21428b0d1f3ebccdd94a25\">\n                <img\n                    title=\"DSC_49902\"\n                    alt=\"DSC_49902\"\n                    src=\"http:\/\/art-badkrozingen.de\/wp-content\/gallery\/colette-schudy\/thumbs\/thumbs_DSC_49902.jpg\"\n                    width=\"200\"\n                    height=\"155\"\n                    style=\"max-width:100%;\"\n                \/>\n            <\/a>\n        <\/div>\n\t\t\t\t\t\t\t<\/div> \n\t\t\t\n        \n\t\t\t\t<div id=\"ngg-image-2\" class=\"ngg-gallery-thumbnail-box\" >\n\t\t\t\t        <div class=\"ngg-gallery-thumbnail\">\n            <a href=\"http:\/\/art-badkrozingen.de\/wp-content\/gallery\/colette-schudy\/DSC_49832.jpg\"\n               title=\"\"\n               data-src=\"http:\/\/art-badkrozingen.de\/wp-content\/gallery\/colette-schudy\/DSC_49832.jpg\"\n               data-thumbnail=\"http:\/\/art-badkrozingen.de\/wp-content\/gallery\/colette-schudy\/thumbs\/thumbs_DSC_49832.jpg\"\n               data-image-id=\"1877\"\n               data-title=\"DSC_49832\"\n               data-description=\"\"\n               data-image-slug=\"dsc_49832\"\n               class=\"ngg-fancybox\" rel=\"97e3fb826a21428b0d1f3ebccdd94a25\">\n                <img\n                    title=\"DSC_49832\"\n                    alt=\"DSC_49832\"\n                    src=\"http:\/\/art-badkrozingen.de\/wp-content\/gallery\/colette-schudy\/thumbs\/thumbs_DSC_49832.jpg\"\n                    width=\"200\"\n                    height=\"155\"\n                    style=\"max-width:100%;\"\n                \/>\n            <\/a>\n        <\/div>\n\t\t\t\t\t\t\t<\/div> \n\t\t\t\n        \n\t\t\t\t<div id=\"ngg-image-3\" class=\"ngg-gallery-thumbnail-box\" >\n\t\t\t\t        <div class=\"ngg-gallery-thumbnail\">\n            <a href=\"http:\/\/art-badkrozingen.de\/wp-content\/gallery\/colette-schudy\/DSC_49852.jpg\"\n               title=\"\"\n               data-src=\"http:\/\/art-badkrozingen.de\/wp-content\/gallery\/colette-schudy\/DSC_49852.jpg\"\n               data-thumbnail=\"http:\/\/art-badkrozingen.de\/wp-content\/gallery\/colette-schudy\/thumbs\/thumbs_DSC_49852.jpg\"\n               data-image-id=\"1878\"\n               data-title=\"DSC_49852\"\n               data-description=\"\"\n               data-image-slug=\"dsc_49852\"\n               class=\"ngg-fancybox\" rel=\"97e3fb826a21428b0d1f3ebccdd94a25\">\n                <img\n                    title=\"DSC_49852\"\n                    alt=\"DSC_49852\"\n                    src=\"http:\/\/art-badkrozingen.de\/wp-content\/gallery\/colette-schudy\/thumbs\/thumbs_DSC_49852.jpg\"\n                    width=\"200\"\n                    height=\"155\"\n                    style=\"max-width:100%;\"\n                \/>\n            <\/a>\n        <\/div>\n\t\t\t\t\t\t\t<\/div> \n\t\t\t\n        \n\t\t\n\t\t<!-- Pagination -->\n\t<div class='ngg-clear'><\/div>\t<\/div>\n<span dir=\"auto\" style=\"vertical-align: inherit;\"><span dir=\"auto\" style=\"vertical-align: inherit;\">Vermeil-Medaille Art Inter Lyon 2017,&nbsp;<\/span><\/span><span dir=\"auto\" style=\"vertical-align: inherit;\"><span dir=\"auto\" style=\"vertical-align: inherit;\">Goldmedaille Kunst Inter Vittel,&nbsp;<\/span><\/span><span dir=\"auto\" style=\"vertical-align: inherit;\"><span dir=\"auto\" style=\"vertical-align: inherit;\">1. Preis<\/span><\/span><span dir=\"auto\" style=\"vertical-align: inherit;\"><span dir=\"auto\" style=\"vertical-align: inherit;\"> Vittel 2019,&nbsp;<\/span><\/span><span dir=\"auto\" style=\"vertical-align: inherit;\"><span dir=\"auto\" style=\"vertical-align: inherit;\">2. Preis Kunst im Herzen Europas Mai 2022<\/span><\/span><\/p>\n<p><span dir=\"auto\" style=\"vertical-align: inherit;\"><span dir=\"auto\" style=\"vertical-align: inherit;\">Diverse Ausstellungen in der Region Grand Est, Kunstmesse 2022, Kunstmesse Art Capital Independents 2024, Kunstmesse Art Capital Watercolor Drawing 2025, Ausstellung mit der Art Freedom International Art Gallery Paris 2025,<\/span><\/span><\/p>\n","protected":false},"excerpt":{"rendered":"<p>J&#8217;ai eu l&#8217;opportunit\u00e9 de participer \u00e0 l&#8217;atelier d&#8217;aquarelle de Fernand Lamy il y a 20 ans, qui m&#8217;a donn\u00e9 la passion de cette technique originale et exigeante, elle ne m&#8217;a jamais quitt\u00e9. Ma participation \u00e0 diff\u00e9rentes expositions locales et internationales m&#8217;a permis de m&#8217;ins\u00e9rer dans le monde artistique.&nbsp;&nbsp;Les quelques prix obtenus m&#8217;ont encourag\u00e9 \u00e0 continuer. [&hellip;]<\/p>\n","protected":false},"author":1,"featured_media":0,"parent":0,"menu_order":0,"comment_status":"closed","ping_status":"closed","template":"","meta":{"ngg_post_thumbnail":0},"_links":{"self":[{"href":"http:\/\/art-badkrozingen.de\/index.php?rest_route=\/wp\/v2\/pages\/6715"}],"collection":[{"href":"http:\/\/art-badkrozingen.de\/index.php?rest_route=\/wp\/v2\/pages"}],"about":[{"href":"http:\/\/art-badkrozingen.de\/index.php?rest_route=\/wp\/v2\/types\/page"}],"author":[{"embeddable":true,"href":"http:\/\/art-badkrozingen.de\/index.php?rest_route=\/wp\/v2\/users\/1"}],"replies":[{"embeddable":true,"href":"http:\/\/art-badkrozingen.de\/index.php?rest_route=%2Fwp%2Fv2%2Fcomments&post=6715"}],"version-history":[{"count":22,"href":"http:\/\/art-badkrozingen.de\/index.php?rest_route=\/wp\/v2\/pages\/6715\/revisions"}],"predecessor-version":[{"id":7676,"href":"http:\/\/art-badkrozingen.de\/index.php?rest_route=\/wp\/v2\/pages\/6715\/revisions\/7676"}],"wp:attachment":[{"href":"http:\/\/art-badkrozingen.de\/index.php?rest_route=%2Fwp%2Fv2%2Fmedia&parent=6715"}],"curies":[{"name":"wp","href":"https:\/\/api.w.org\/{rel}","templated":true}]}}

<p style="text-align: left;"><img loading="lazy" class="size-full wp-image-7644 alignleft" src="https://art-badkrozingen.de/wp-content/uploads/2026/04/Colette-Schudy.jpg" alt="" width="187" height="217"></p>
<p>J&#8217;ai eu l&#8217;opportunité de participer à l&#8217;atelier d&#8217;aquarelle de Fernand Lamy il y a 20 ans, qui m&#8217;a donné la passion de cette technique originale et exigeante, elle ne m&#8217;a jamais quitté. Ma participation à différentes expositions locales et internationales m&#8217;a permis de m&#8217;insérer dans le monde artistique.&nbsp;&nbsp;Les quelques prix obtenus m&#8217;ont encouragé à continuer.</p>
<p>Mon thème de prédilection va aux fleurs, animaux et mouvements. J&#8217;ai eu l&#8217;opportunité de participer à l&#8217;atelier d&#8217;aquarelle de Fernand Lamy il y a 20 ans, qui m&#8217;a donné la passion de cette technique originale et exigeante, elle ne m&#8217;a jamais quitté.&nbsp;Ma participation à différentes expositions locales et internationales m&#8217;a permis de m&#8217;insérer dans le monde artistique.&nbsp; Les quelques prix obtenus m&#8217;ont encouragé à continuer. Mon thème de prédilection va aux fleurs, animaux et mouvements.</p>
<p style="text-align: left;"><span dir="auto" style="vertical-align: inherit;"><span dir="auto" style="vertical-align: inherit;">Vor 20 Jahren hatte ich die Gelegenheit, an Fernand Lamys Aquarellworkshop teilzunehmen. Dieser Workshop entfachte meine Leidenschaft für diese einzigartige und anspruchsvolle Technik, die mich bis heute nicht losgelassen hat. Durch meine Teilnahme an verschiedenen nationalen und internationalen Ausstellungen konnte ich mich in der Kunstwelt etablieren. Die wenigen Auszeichnungen, die ich erhalten habe, haben mich ermutigt, weiterzumachen.&nbsp;</span></span></p>
<p><span dir="auto" style="vertical-align: inherit;"><span dir="auto" style="vertical-align: inherit;">Meine Lieblingsmotive sind Blumen, Tiere und Bewegung. Vor 20 Jahren hatte ich die Gelegenheit, an Fernand Lamys Aquarellworkshop teilzunehmen, der in mir eine Leidenschaft für diese originelle und anspruchsvolle Technik weckte – eine Leidenschaft, die mich bis heute nicht losgelassen hat. </span></span><span dir="auto" style="vertical-align: inherit;"><span dir="auto" style="vertical-align: inherit;">Durch meine Teilnahme an verschiedenen nationalen und internationalen Ausstellungen konnte ich mich in der Kunstwelt etablieren. Die wenigen Preise, die ich gewonnen habe, haben mich ermutigt, weiterzumachen. Meine bevorzugten Themen sind Blumen, Tiere und Bewegung.</span></span></p>
<p><!-- index.php -->
<div
	class="ngg-galleryoverview ngg-ajax-pagination-none"
	id="ngg-gallery-97e3fb826a21428b0d1f3ebccdd94a25-1">

    	<div class="slideshowlink">
        <a href='http://art-badkrozingen.de/index.php/nggallery/slideshow?page_id=6715'>[Zeige eine Slideshow]</a>
		
	</div>
			<!-- Thumbnails -->
				<div id="ngg-image-0" class="ngg-gallery-thumbnail-box" >
				        <div class="ngg-gallery-thumbnail">
            <a href="http://art-badkrozingen.de/wp-content/gallery/colette-schudy/Screenshot_20250718-0859532.png"
               title=""
               data-src="http://art-badkrozingen.de/wp-content/gallery/colette-schudy/Screenshot_20250718-0859532.png"
               data-thumbnail="http://art-badkrozingen.de/wp-content/gallery/colette-schudy/thumbs/thumbs_Screenshot_20250718-0859532.png"
               data-image-id="1875"
               data-title="Screenshot_20250718-0859532"
               data-description=""
               data-image-slug="screenshot_20250718-0859532"
               class="ngg-fancybox" rel="97e3fb826a21428b0d1f3ebccdd94a25">
                <img
                    title="Screenshot_20250718-0859532"
                    alt="Screenshot_20250718-0859532"
                    src="http://art-badkrozingen.de/wp-content/gallery/colette-schudy/thumbs/thumbs_Screenshot_20250718-0859532.png"
                    width="200"
                    height="155"
                    style="max-width:100%;"
                />
            </a>
        </div>
							</div> 
			
        
				<div id="ngg-image-1" class="ngg-gallery-thumbnail-box" >
				        <div class="ngg-gallery-thumbnail">
            <a href="http://art-badkrozingen.de/wp-content/gallery/colette-schudy/DSC_49902.jpg"
               title=""
               data-src="http://art-badkrozingen.de/wp-content/gallery/colette-schudy/DSC_49902.jpg"
               data-thumbnail="http://art-badkrozingen.de/wp-content/gallery/colette-schudy/thumbs/thumbs_DSC_49902.jpg"
               data-image-id="1876"
               data-title="DSC_49902"
               data-description=""
               data-image-slug="dsc_49902"
               class="ngg-fancybox" rel="97e3fb826a21428b0d1f3ebccdd94a25">
                <img
                    title="DSC_49902"
                    alt="DSC_49902"
                    src="http://art-badkrozingen.de/wp-content/gallery/colette-schudy/thumbs/thumbs_DSC_49902.jpg"
                    width="200"
                    height="155"
                    style="max-width:100%;"
                />
            </a>
        </div>
							</div> 
			
        
				<div id="ngg-image-2" class="ngg-gallery-thumbnail-box" >
				        <div class="ngg-gallery-thumbnail">
            <a href="http://art-badkrozingen.de/wp-content/gallery/colette-schudy/DSC_49832.jpg"
               title=""
               data-src="http://art-badkrozingen.de/wp-content/gallery/colette-schudy/DSC_49832.jpg"
               data-thumbnail="http://art-badkrozingen.de/wp-content/gallery/colette-schudy/thumbs/thumbs_DSC_49832.jpg"
               data-image-id="1877"
               data-title="DSC_49832"
               data-description=""
               data-image-slug="dsc_49832"
               class="ngg-fancybox" rel="97e3fb826a21428b0d1f3ebccdd94a25">
                <img
                    title="DSC_49832"
                    alt="DSC_49832"
                    src="http://art-badkrozingen.de/wp-content/gallery/colette-schudy/thumbs/thumbs_DSC_49832.jpg"
                    width="200"
                    height="155"
                    style="max-width:100%;"
                />
            </a>
        </div>
							</div> 
			
        
				<div id="ngg-image-3" class="ngg-gallery-thumbnail-box" >
				        <div class="ngg-gallery-thumbnail">
            <a href="http://art-badkrozingen.de/wp-content/gallery/colette-schudy/DSC_49852.jpg"
               title=""
               data-src="http://art-badkrozingen.de/wp-content/gallery/colette-schudy/DSC_49852.jpg"
               data-thumbnail="http://art-badkrozingen.de/wp-content/gallery/colette-schudy/thumbs/thumbs_DSC_49852.jpg"
               data-image-id="1878"
               data-title="DSC_49852"
               data-description=""
               data-image-slug="dsc_49852"
               class="ngg-fancybox" rel="97e3fb826a21428b0d1f3ebccdd94a25">
                <img
                    title="DSC_49852"
                    alt="DSC_49852"
                    src="http://art-badkrozingen.de/wp-content/gallery/colette-schudy/thumbs/thumbs_DSC_49852.jpg"
                    width="200"
                    height="155"
                    style="max-width:100%;"
                />
            </a>
        </div>
							</div> 
			
        
		
		<!-- Pagination -->
	<div class='ngg-clear'></div>	</div>
<span dir="auto" style="vertical-align: inherit;"><span dir="auto" style="vertical-align: inherit;">Vermeil-Medaille Art Inter Lyon 2017,&nbsp;</span></span><span dir="auto" style="vertical-align: inherit;"><span dir="auto" style="vertical-align: inherit;">Goldmedaille Kunst Inter Vittel,&nbsp;</span></span><span dir="auto" style="vertical-align: inherit;"><span dir="auto" style="vertical-align: inherit;">1. Preis</span></span><span dir="auto" style="vertical-align: inherit;"><span dir="auto" style="vertical-align: inherit;"> Vittel 2019,&nbsp;</span></span><span dir="auto" style="vertical-align: inherit;"><span dir="auto" style="vertical-align: inherit;">2. Preis Kunst im Herzen Europas Mai 2022</span></span></p>
<p><span dir="auto" style="vertical-align: inherit;"><span dir="auto" style="vertical-align: inherit;">Diverse Ausstellungen in der Region Grand Est, Kunstmesse 2022, Kunstmesse Art Capital Independents 2024, Kunstmesse Art Capital Watercolor Drawing 2025, Ausstellung mit der Art Freedom International Art Gallery Paris 2025,</span></span></p>

<p>J&#8217;ai eu l&#8217;opportunité de participer à l&#8217;atelier d&#8217;aquarelle de Fernand Lamy il y a 20 ans, qui m&#8217;a donné la passion de cette technique originale et exigeante, elle ne m&#8217;a jamais quitté. Ma participation à différentes expositions locales et internationales m&#8217;a permis de m&#8217;insérer dans le monde artistique.&nbsp;&nbsp;Les quelques prix obtenus m&#8217;ont encouragé à continuer. [&hellip;]</p>
