{"id":6749,"date":"2025-08-03T09:55:14","date_gmt":"2025-08-03T09:55:14","guid":{"rendered":"https:\/\/art-badkrozingen.de\/?page_id=6749"},"modified":"2025-11-16T16:07:34","modified_gmt":"2025-11-16T16:07:34","slug":"eva-koch","status":"publish","type":"page","link":"http:\/\/art-badkrozingen.de\/?page_id=6749","title":{"rendered":"Eva Koch"},"content":{"rendered":"<p><strong>K\u00fcnstlerin<img loading=\"lazy\" class=\"wp-image-6770 alignright\" src=\"https:\/\/art-badkrozingen.de\/wp-content\/uploads\/2025\/08\/1000019156-e1754402706259.jpg\" alt=\"\" width=\"202\" height=\"293\"><\/strong><\/p>\n<p>Wohnort: Bad Krozingen-Tunsel<\/p>\n<p>Beruf: Lehrerin und Lerntherapeutin<\/p>\n<p>Verheiratet und Mutter von 2 Kindern<\/p>\n<p>Leidenschaftliche K\u00fcnstlerin<\/p>\n<p>Ich arbeite \u00fcberwiegend mit Acrylfarben auf Steinen und Leinw\u00e4nde<\/p>\n<p>Website: <a href=\"http:\/\/www.eva-kreativ.de\" target=\"_blank\" rel=\"noopener\">www.eva-kreativ.de<\/a><\/p>\n<p><!-- index.php -->\n<div\n\tclass=\"ngg-galleryoverview ngg-ajax-pagination-none\"\n\tid=\"ngg-gallery-d3b389a81f4c11306f4159acf033c35d-1\">\n\n    \t<div class=\"slideshowlink\">\n        <a href='http:\/\/art-badkrozingen.de\/index.php\/nggallery\/slideshow?page_id=6749'>[Zeige eine Slideshow]<\/a>\n\t\t\n\t<\/div>\n\t\t\t<!-- Thumbnails -->\n\t\t\t\t<div id=\"ngg-image-0\" class=\"ngg-gallery-thumbnail-box\" >\n\t\t\t\t        <div class=\"ngg-gallery-thumbnail\">\n            <a href=\"http:\/\/art-badkrozingen.de\/wp-content\/gallery\/eva-koch\/1000026356.jpg\"\n               title=\"\"\n               data-src=\"http:\/\/art-badkrozingen.de\/wp-content\/gallery\/eva-koch\/1000026356.jpg\"\n               data-thumbnail=\"http:\/\/art-badkrozingen.de\/wp-content\/gallery\/eva-koch\/thumbs\/thumbs_1000026356.jpg\"\n               data-image-id=\"1521\"\n               data-title=\"1000026356\"\n               data-description=\"\"\n               data-image-slug=\"1000026356\"\n               class=\"ngg-fancybox\" rel=\"d3b389a81f4c11306f4159acf033c35d\">\n                <img\n                    title=\"1000026356\"\n                    alt=\"1000026356\"\n                    src=\"http:\/\/art-badkrozingen.de\/wp-content\/gallery\/eva-koch\/thumbs\/thumbs_1000026356.jpg\"\n                    width=\"200\"\n                    height=\"155\"\n                    style=\"max-width:100%;\"\n                \/>\n            <\/a>\n        <\/div>\n\t\t\t\t\t\t\t<\/div> \n\t\t\t\n        \n\t\t\t\t<div id=\"ngg-image-1\" class=\"ngg-gallery-thumbnail-box\" >\n\t\t\t\t        <div class=\"ngg-gallery-thumbnail\">\n            <a href=\"http:\/\/art-badkrozingen.de\/wp-content\/gallery\/eva-koch\/1000026264.jpg\"\n               title=\"\"\n               data-src=\"http:\/\/art-badkrozingen.de\/wp-content\/gallery\/eva-koch\/1000026264.jpg\"\n               data-thumbnail=\"http:\/\/art-badkrozingen.de\/wp-content\/gallery\/eva-koch\/thumbs\/thumbs_1000026264.jpg\"\n               data-image-id=\"1522\"\n               data-title=\"1000026264\"\n               data-description=\"\"\n               data-image-slug=\"1000026264\"\n               class=\"ngg-fancybox\" rel=\"d3b389a81f4c11306f4159acf033c35d\">\n                <img\n                    title=\"1000026264\"\n                    alt=\"1000026264\"\n                    src=\"http:\/\/art-badkrozingen.de\/wp-content\/gallery\/eva-koch\/thumbs\/thumbs_1000026264.jpg\"\n                    width=\"200\"\n                    height=\"155\"\n                    style=\"max-width:100%;\"\n                \/>\n            <\/a>\n        <\/div>\n\t\t\t\t\t\t\t<\/div> \n\t\t\t\n        \n\t\t\t\t<div id=\"ngg-image-2\" class=\"ngg-gallery-thumbnail-box\" >\n\t\t\t\t        <div class=\"ngg-gallery-thumbnail\">\n            <a href=\"http:\/\/art-badkrozingen.de\/wp-content\/gallery\/eva-koch\/1000026354.jpg\"\n               title=\"\"\n               data-src=\"http:\/\/art-badkrozingen.de\/wp-content\/gallery\/eva-koch\/1000026354.jpg\"\n               data-thumbnail=\"http:\/\/art-badkrozingen.de\/wp-content\/gallery\/eva-koch\/thumbs\/thumbs_1000026354.jpg\"\n               data-image-id=\"1523\"\n               data-title=\"1000026354\"\n               data-description=\"\"\n               data-image-slug=\"1000026354\"\n               class=\"ngg-fancybox\" rel=\"d3b389a81f4c11306f4159acf033c35d\">\n                <img\n                    title=\"1000026354\"\n                    alt=\"1000026354\"\n                    src=\"http:\/\/art-badkrozingen.de\/wp-content\/gallery\/eva-koch\/thumbs\/thumbs_1000026354.jpg\"\n                    width=\"200\"\n                    height=\"155\"\n                    style=\"max-width:100%;\"\n                \/>\n            <\/a>\n        <\/div>\n\t\t\t\t\t\t\t<\/div> \n\t\t\t\n        \n\t\t\t\t<div id=\"ngg-image-3\" class=\"ngg-gallery-thumbnail-box\" >\n\t\t\t\t        <div class=\"ngg-gallery-thumbnail\">\n            <a href=\"http:\/\/art-badkrozingen.de\/wp-content\/gallery\/eva-koch\/1000026350.jpg\"\n               title=\"\"\n               data-src=\"http:\/\/art-badkrozingen.de\/wp-content\/gallery\/eva-koch\/1000026350.jpg\"\n               data-thumbnail=\"http:\/\/art-badkrozingen.de\/wp-content\/gallery\/eva-koch\/thumbs\/thumbs_1000026350.jpg\"\n               data-image-id=\"1524\"\n               data-title=\"1000026350\"\n               data-description=\"\"\n               data-image-slug=\"1000026350\"\n               class=\"ngg-fancybox\" rel=\"d3b389a81f4c11306f4159acf033c35d\">\n                <img\n                    title=\"1000026350\"\n                    alt=\"1000026350\"\n                    src=\"http:\/\/art-badkrozingen.de\/wp-content\/gallery\/eva-koch\/thumbs\/thumbs_1000026350.jpg\"\n                    width=\"200\"\n                    height=\"155\"\n                    style=\"max-width:100%;\"\n                \/>\n            <\/a>\n        <\/div>\n\t\t\t\t\t\t\t<\/div> \n\t\t\t\n        \n\t\t\t\t<div id=\"ngg-image-4\" class=\"ngg-gallery-thumbnail-box\" >\n\t\t\t\t        <div class=\"ngg-gallery-thumbnail\">\n            <a href=\"http:\/\/art-badkrozingen.de\/wp-content\/gallery\/eva-koch\/1000026355.jpg\"\n               title=\"\"\n               data-src=\"http:\/\/art-badkrozingen.de\/wp-content\/gallery\/eva-koch\/1000026355.jpg\"\n               data-thumbnail=\"http:\/\/art-badkrozingen.de\/wp-content\/gallery\/eva-koch\/thumbs\/thumbs_1000026355.jpg\"\n               data-image-id=\"1525\"\n               data-title=\"1000026355\"\n               data-description=\"\"\n               data-image-slug=\"1000026355\"\n               class=\"ngg-fancybox\" rel=\"d3b389a81f4c11306f4159acf033c35d\">\n                <img\n                    title=\"1000026355\"\n                    alt=\"1000026355\"\n                    src=\"http:\/\/art-badkrozingen.de\/wp-content\/gallery\/eva-koch\/thumbs\/thumbs_1000026355.jpg\"\n                    width=\"200\"\n                    height=\"155\"\n                    style=\"max-width:100%;\"\n                \/>\n            <\/a>\n        <\/div>\n\t\t\t\t\t\t\t<\/div> \n\t\t\t\n        \n\t\t\t\t<div id=\"ngg-image-5\" class=\"ngg-gallery-thumbnail-box\" >\n\t\t\t\t        <div class=\"ngg-gallery-thumbnail\">\n            <a href=\"http:\/\/art-badkrozingen.de\/wp-content\/gallery\/eva-koch\/1000026349.jpg\"\n               title=\"\"\n               data-src=\"http:\/\/art-badkrozingen.de\/wp-content\/gallery\/eva-koch\/1000026349.jpg\"\n               data-thumbnail=\"http:\/\/art-badkrozingen.de\/wp-content\/gallery\/eva-koch\/thumbs\/thumbs_1000026349.jpg\"\n               data-image-id=\"1526\"\n               data-title=\"1000026349\"\n               data-description=\"\"\n               data-image-slug=\"1000026349\"\n               class=\"ngg-fancybox\" rel=\"d3b389a81f4c11306f4159acf033c35d\">\n                <img\n                    title=\"1000026349\"\n                    alt=\"1000026349\"\n                    src=\"http:\/\/art-badkrozingen.de\/wp-content\/gallery\/eva-koch\/thumbs\/thumbs_1000026349.jpg\"\n                    width=\"200\"\n                    height=\"155\"\n                    style=\"max-width:100%;\"\n                \/>\n            <\/a>\n        <\/div>\n\t\t\t\t\t\t\t<\/div> \n\t\t\t\n        \n\t\t\t\t<div id=\"ngg-image-6\" class=\"ngg-gallery-thumbnail-box\" >\n\t\t\t\t        <div class=\"ngg-gallery-thumbnail\">\n            <a href=\"http:\/\/art-badkrozingen.de\/wp-content\/gallery\/eva-koch\/1000026346.jpg\"\n               title=\"\"\n               data-src=\"http:\/\/art-badkrozingen.de\/wp-content\/gallery\/eva-koch\/1000026346.jpg\"\n               data-thumbnail=\"http:\/\/art-badkrozingen.de\/wp-content\/gallery\/eva-koch\/thumbs\/thumbs_1000026346.jpg\"\n               data-image-id=\"1527\"\n               data-title=\"1000026346\"\n               data-description=\"\"\n               data-image-slug=\"1000026346\"\n               class=\"ngg-fancybox\" rel=\"d3b389a81f4c11306f4159acf033c35d\">\n                <img\n                    title=\"1000026346\"\n                    alt=\"1000026346\"\n                    src=\"http:\/\/art-badkrozingen.de\/wp-content\/gallery\/eva-koch\/thumbs\/thumbs_1000026346.jpg\"\n                    width=\"200\"\n                    height=\"155\"\n                    style=\"max-width:100%;\"\n                \/>\n            <\/a>\n        <\/div>\n\t\t\t\t\t\t\t<\/div> \n\t\t\t\n        \n\t\t\t\t<div id=\"ngg-image-7\" class=\"ngg-gallery-thumbnail-box\" >\n\t\t\t\t        <div class=\"ngg-gallery-thumbnail\">\n            <a href=\"http:\/\/art-badkrozingen.de\/wp-content\/gallery\/eva-koch\/1000026352.jpg\"\n               title=\"\"\n               data-src=\"http:\/\/art-badkrozingen.de\/wp-content\/gallery\/eva-koch\/1000026352.jpg\"\n               data-thumbnail=\"http:\/\/art-badkrozingen.de\/wp-content\/gallery\/eva-koch\/thumbs\/thumbs_1000026352.jpg\"\n               data-image-id=\"1528\"\n               data-title=\"1000026352\"\n               data-description=\"\"\n               data-image-slug=\"1000026352\"\n               class=\"ngg-fancybox\" rel=\"d3b389a81f4c11306f4159acf033c35d\">\n                <img\n                    title=\"1000026352\"\n                    alt=\"1000026352\"\n                    src=\"http:\/\/art-badkrozingen.de\/wp-content\/gallery\/eva-koch\/thumbs\/thumbs_1000026352.jpg\"\n                    width=\"200\"\n                    height=\"155\"\n                    style=\"max-width:100%;\"\n                \/>\n            <\/a>\n        <\/div>\n\t\t\t\t\t\t\t<\/div> \n\t\t\t\n        \n\t\t\t\t<div id=\"ngg-image-8\" class=\"ngg-gallery-thumbnail-box\" >\n\t\t\t\t        <div class=\"ngg-gallery-thumbnail\">\n            <a href=\"http:\/\/art-badkrozingen.de\/wp-content\/gallery\/eva-koch\/1000026357.jpg\"\n               title=\"\"\n               data-src=\"http:\/\/art-badkrozingen.de\/wp-content\/gallery\/eva-koch\/1000026357.jpg\"\n               data-thumbnail=\"http:\/\/art-badkrozingen.de\/wp-content\/gallery\/eva-koch\/thumbs\/thumbs_1000026357.jpg\"\n               data-image-id=\"1529\"\n               data-title=\"1000026357\"\n               data-description=\"\"\n               data-image-slug=\"1000026357\"\n               class=\"ngg-fancybox\" rel=\"d3b389a81f4c11306f4159acf033c35d\">\n                <img\n                    title=\"1000026357\"\n                    alt=\"1000026357\"\n                    src=\"http:\/\/art-badkrozingen.de\/wp-content\/gallery\/eva-koch\/thumbs\/thumbs_1000026357.jpg\"\n                    width=\"200\"\n                    height=\"155\"\n                    style=\"max-width:100%;\"\n                \/>\n            <\/a>\n        <\/div>\n\t\t\t\t\t\t\t<\/div> \n\t\t\t\n        \n\t\t\t\t<div id=\"ngg-image-9\" class=\"ngg-gallery-thumbnail-box\" >\n\t\t\t\t        <div class=\"ngg-gallery-thumbnail\">\n            <a href=\"http:\/\/art-badkrozingen.de\/wp-content\/gallery\/eva-koch\/1000026348.jpg\"\n               title=\"\"\n               data-src=\"http:\/\/art-badkrozingen.de\/wp-content\/gallery\/eva-koch\/1000026348.jpg\"\n               data-thumbnail=\"http:\/\/art-badkrozingen.de\/wp-content\/gallery\/eva-koch\/thumbs\/thumbs_1000026348.jpg\"\n               data-image-id=\"1530\"\n               data-title=\"1000026348\"\n               data-description=\"\"\n               data-image-slug=\"1000026348\"\n               class=\"ngg-fancybox\" rel=\"d3b389a81f4c11306f4159acf033c35d\">\n                <img\n                    title=\"1000026348\"\n                    alt=\"1000026348\"\n                    src=\"http:\/\/art-badkrozingen.de\/wp-content\/gallery\/eva-koch\/thumbs\/thumbs_1000026348.jpg\"\n                    width=\"200\"\n                    height=\"155\"\n                    style=\"max-width:100%;\"\n                \/>\n            <\/a>\n        <\/div>\n\t\t\t\t\t\t\t<\/div> \n\t\t\t\n        \n\t\t\t\t<div id=\"ngg-image-10\" class=\"ngg-gallery-thumbnail-box\" >\n\t\t\t\t        <div class=\"ngg-gallery-thumbnail\">\n            <a href=\"http:\/\/art-badkrozingen.de\/wp-content\/gallery\/eva-koch\/Koch-Insta.jpg\"\n               title=\"\"\n               data-src=\"http:\/\/art-badkrozingen.de\/wp-content\/gallery\/eva-koch\/Koch-Insta.jpg\"\n               data-thumbnail=\"http:\/\/art-badkrozingen.de\/wp-content\/gallery\/eva-koch\/thumbs\/thumbs_Koch-Insta.jpg\"\n               data-image-id=\"1531\"\n               data-title=\"Koch-Insta\"\n               data-description=\"\"\n               data-image-slug=\"koch-insta\"\n               class=\"ngg-fancybox\" rel=\"d3b389a81f4c11306f4159acf033c35d\">\n                <img\n                    title=\"Koch-Insta\"\n                    alt=\"Koch-Insta\"\n                    src=\"http:\/\/art-badkrozingen.de\/wp-content\/gallery\/eva-koch\/thumbs\/thumbs_Koch-Insta.jpg\"\n                    width=\"200\"\n                    height=\"155\"\n                    style=\"max-width:100%;\"\n                \/>\n            <\/a>\n        <\/div>\n\t\t\t\t\t\t\t<\/div> \n\t\t\t\n        \n\t\t\n\t\t<!-- Pagination -->\n\t<div class='ngg-clear'><\/div>\t<\/div>\n<!-- index.php -->\n<div\n\tclass=\"ngg-galleryoverview ngg-ajax-pagination-none\"\n\tid=\"ngg-gallery-1681682481f431e3ec4615424c740b43-1\">\n\n    \t<div class=\"slideshowlink\">\n        <a href='http:\/\/art-badkrozingen.de\/index.php\/nggallery\/slideshow?page_id=6749'>[Zeige eine Slideshow]<\/a>\n\t\t\n\t<\/div>\n\t\t\t<!-- Thumbnails -->\n\t\t\t\t<div id=\"ngg-image-0\" class=\"ngg-gallery-thumbnail-box\" >\n\t\t\t\t        <div class=\"ngg-gallery-thumbnail\">\n            <a href=\"http:\/\/art-badkrozingen.de\/wp-content\/gallery\/eva-koch-2\/1000054523.png\"\n               title=\"\"\n               data-src=\"http:\/\/art-badkrozingen.de\/wp-content\/gallery\/eva-koch-2\/1000054523.png\"\n               data-thumbnail=\"http:\/\/art-badkrozingen.de\/wp-content\/gallery\/eva-koch-2\/thumbs\/thumbs_1000054523.png\"\n               data-image-id=\"1851\"\n               data-title=\"1000054523\"\n               data-description=\"\"\n               data-image-slug=\"1000054523\"\n               class=\"ngg-fancybox\" rel=\"1681682481f431e3ec4615424c740b43\">\n                <img\n                    title=\"1000054523\"\n                    alt=\"1000054523\"\n                    src=\"http:\/\/art-badkrozingen.de\/wp-content\/gallery\/eva-koch-2\/thumbs\/thumbs_1000054523.png\"\n                    width=\"200\"\n                    height=\"155\"\n                    style=\"max-width:100%;\"\n                \/>\n            <\/a>\n        <\/div>\n\t\t\t\t\t\t\t<\/div> \n\t\t\t\n        \n\t\t\t\t<div id=\"ngg-image-1\" class=\"ngg-gallery-thumbnail-box\" >\n\t\t\t\t        <div class=\"ngg-gallery-thumbnail\">\n            <a href=\"http:\/\/art-badkrozingen.de\/wp-content\/gallery\/eva-koch-2\/20251112_180039.jpg\"\n               title=\"\"\n               data-src=\"http:\/\/art-badkrozingen.de\/wp-content\/gallery\/eva-koch-2\/20251112_180039.jpg\"\n               data-thumbnail=\"http:\/\/art-badkrozingen.de\/wp-content\/gallery\/eva-koch-2\/thumbs\/thumbs_20251112_180039.jpg\"\n               data-image-id=\"1852\"\n               data-title=\"20251112_180039\"\n               data-description=\"\"\n               data-image-slug=\"20251112_180039\"\n               class=\"ngg-fancybox\" rel=\"1681682481f431e3ec4615424c740b43\">\n                <img\n                    title=\"20251112_180039\"\n                    alt=\"20251112_180039\"\n                    src=\"http:\/\/art-badkrozingen.de\/wp-content\/gallery\/eva-koch-2\/thumbs\/thumbs_20251112_180039.jpg\"\n                    width=\"200\"\n                    height=\"155\"\n                    style=\"max-width:100%;\"\n                \/>\n            <\/a>\n        <\/div>\n\t\t\t\t\t\t\t<\/div> \n\t\t\t\n        \n\t\t\t\t<div id=\"ngg-image-2\" class=\"ngg-gallery-thumbnail-box\" >\n\t\t\t\t        <div class=\"ngg-gallery-thumbnail\">\n            <a href=\"http:\/\/art-badkrozingen.de\/wp-content\/gallery\/eva-koch-2\/1000053707.jpg\"\n               title=\"\"\n               data-src=\"http:\/\/art-badkrozingen.de\/wp-content\/gallery\/eva-koch-2\/1000053707.jpg\"\n               data-thumbnail=\"http:\/\/art-badkrozingen.de\/wp-content\/gallery\/eva-koch-2\/thumbs\/thumbs_1000053707.jpg\"\n               data-image-id=\"1853\"\n               data-title=\"1000053707\"\n               data-description=\"\"\n               data-image-slug=\"1000053707\"\n               class=\"ngg-fancybox\" rel=\"1681682481f431e3ec4615424c740b43\">\n                <img\n                    title=\"1000053707\"\n                    alt=\"1000053707\"\n                    src=\"http:\/\/art-badkrozingen.de\/wp-content\/gallery\/eva-koch-2\/thumbs\/thumbs_1000053707.jpg\"\n                    width=\"200\"\n                    height=\"155\"\n                    style=\"max-width:100%;\"\n                \/>\n            <\/a>\n        <\/div>\n\t\t\t\t\t\t\t<\/div> \n\t\t\t\n        \n\t\t\t\t<div id=\"ngg-image-3\" class=\"ngg-gallery-thumbnail-box\" >\n\t\t\t\t        <div class=\"ngg-gallery-thumbnail\">\n            <a href=\"http:\/\/art-badkrozingen.de\/wp-content\/gallery\/eva-koch-2\/1000053897.jpg\"\n               title=\"\"\n               data-src=\"http:\/\/art-badkrozingen.de\/wp-content\/gallery\/eva-koch-2\/1000053897.jpg\"\n               data-thumbnail=\"http:\/\/art-badkrozingen.de\/wp-content\/gallery\/eva-koch-2\/thumbs\/thumbs_1000053897.jpg\"\n               data-image-id=\"1854\"\n               data-title=\"1000053897\"\n               data-description=\"\"\n               data-image-slug=\"1000053897\"\n               class=\"ngg-fancybox\" rel=\"1681682481f431e3ec4615424c740b43\">\n                <img\n                    title=\"1000053897\"\n                    alt=\"1000053897\"\n                    src=\"http:\/\/art-badkrozingen.de\/wp-content\/gallery\/eva-koch-2\/thumbs\/thumbs_1000053897.jpg\"\n                    width=\"200\"\n                    height=\"155\"\n                    style=\"max-width:100%;\"\n                \/>\n            <\/a>\n        <\/div>\n\t\t\t\t\t\t\t<\/div> \n\t\t\t\n        \n\t\t\t\t<div id=\"ngg-image-4\" class=\"ngg-gallery-thumbnail-box\" >\n\t\t\t\t        <div class=\"ngg-gallery-thumbnail\">\n            <a href=\"http:\/\/art-badkrozingen.de\/wp-content\/gallery\/eva-koch-2\/1000046741.jpg\"\n               title=\"\"\n               data-src=\"http:\/\/art-badkrozingen.de\/wp-content\/gallery\/eva-koch-2\/1000046741.jpg\"\n               data-thumbnail=\"http:\/\/art-badkrozingen.de\/wp-content\/gallery\/eva-koch-2\/thumbs\/thumbs_1000046741.jpg\"\n               data-image-id=\"1855\"\n               data-title=\"1000046741\"\n               data-description=\"\"\n               data-image-slug=\"1000046741\"\n               class=\"ngg-fancybox\" rel=\"1681682481f431e3ec4615424c740b43\">\n                <img\n                    title=\"1000046741\"\n                    alt=\"1000046741\"\n                    src=\"http:\/\/art-badkrozingen.de\/wp-content\/gallery\/eva-koch-2\/thumbs\/thumbs_1000046741.jpg\"\n                    width=\"200\"\n                    height=\"155\"\n                    style=\"max-width:100%;\"\n                \/>\n            <\/a>\n        <\/div>\n\t\t\t\t\t\t\t<\/div> \n\t\t\t\n        \n\t\t\t\t<div id=\"ngg-image-5\" class=\"ngg-gallery-thumbnail-box\" >\n\t\t\t\t        <div class=\"ngg-gallery-thumbnail\">\n            <a href=\"http:\/\/art-badkrozingen.de\/wp-content\/gallery\/eva-koch-2\/1000051969.jpg\"\n               title=\"\"\n               data-src=\"http:\/\/art-badkrozingen.de\/wp-content\/gallery\/eva-koch-2\/1000051969.jpg\"\n               data-thumbnail=\"http:\/\/art-badkrozingen.de\/wp-content\/gallery\/eva-koch-2\/thumbs\/thumbs_1000051969.jpg\"\n               data-image-id=\"1856\"\n               data-title=\"1000051969\"\n               data-description=\"\"\n               data-image-slug=\"1000051969\"\n               class=\"ngg-fancybox\" rel=\"1681682481f431e3ec4615424c740b43\">\n                <img\n                    title=\"1000051969\"\n                    alt=\"1000051969\"\n                    src=\"http:\/\/art-badkrozingen.de\/wp-content\/gallery\/eva-koch-2\/thumbs\/thumbs_1000051969.jpg\"\n                    width=\"200\"\n                    height=\"155\"\n                    style=\"max-width:100%;\"\n                \/>\n            <\/a>\n        <\/div>\n\t\t\t\t\t\t\t<\/div> \n\t\t\t\n        \n\t\t\t\t<div id=\"ngg-image-6\" class=\"ngg-gallery-thumbnail-box\" >\n\t\t\t\t        <div class=\"ngg-gallery-thumbnail\">\n            <a href=\"http:\/\/art-badkrozingen.de\/wp-content\/gallery\/eva-koch-2\/1000047264-rotated.jpg\"\n               title=\"\"\n               data-src=\"http:\/\/art-badkrozingen.de\/wp-content\/gallery\/eva-koch-2\/1000047264-rotated.jpg\"\n               data-thumbnail=\"http:\/\/art-badkrozingen.de\/wp-content\/gallery\/eva-koch-2\/thumbs\/thumbs_1000047264-rotated.jpg\"\n               data-image-id=\"1857\"\n               data-title=\"1000047264-rotated\"\n               data-description=\"\"\n               data-image-slug=\"1000047264-rotated\"\n               class=\"ngg-fancybox\" rel=\"1681682481f431e3ec4615424c740b43\">\n                <img\n                    title=\"1000047264-rotated\"\n                    alt=\"1000047264-rotated\"\n                    src=\"http:\/\/art-badkrozingen.de\/wp-content\/gallery\/eva-koch-2\/thumbs\/thumbs_1000047264-rotated.jpg\"\n                    width=\"200\"\n                    height=\"155\"\n                    style=\"max-width:100%;\"\n                \/>\n            <\/a>\n        <\/div>\n\t\t\t\t\t\t\t<\/div> \n\t\t\t\n        \n\t\t\t\t<div id=\"ngg-image-7\" class=\"ngg-gallery-thumbnail-box\" >\n\t\t\t\t        <div class=\"ngg-gallery-thumbnail\">\n            <a href=\"http:\/\/art-badkrozingen.de\/wp-content\/gallery\/eva-koch-2\/1000045482.jpg\"\n               title=\"\"\n               data-src=\"http:\/\/art-badkrozingen.de\/wp-content\/gallery\/eva-koch-2\/1000045482.jpg\"\n               data-thumbnail=\"http:\/\/art-badkrozingen.de\/wp-content\/gallery\/eva-koch-2\/thumbs\/thumbs_1000045482.jpg\"\n               data-image-id=\"1858\"\n               data-title=\"1000045482\"\n               data-description=\"\"\n               data-image-slug=\"1000045482\"\n               class=\"ngg-fancybox\" rel=\"1681682481f431e3ec4615424c740b43\">\n                <img\n                    title=\"1000045482\"\n                    alt=\"1000045482\"\n                    src=\"http:\/\/art-badkrozingen.de\/wp-content\/gallery\/eva-koch-2\/thumbs\/thumbs_1000045482.jpg\"\n                    width=\"200\"\n                    height=\"155\"\n                    style=\"max-width:100%;\"\n                \/>\n            <\/a>\n        <\/div>\n\t\t\t\t\t\t\t<\/div> \n\t\t\t\n        \n\t\t\n\t\t<!-- Pagination -->\n\t<div class='ngg-clear'><\/div>\t<\/div>\n<\/p>\n","protected":false},"excerpt":{"rendered":"<p>K\u00fcnstlerin Wohnort: Bad Krozingen-Tunsel Beruf: Lehrerin und Lerntherapeutin Verheiratet und Mutter von 2 Kindern Leidenschaftliche K\u00fcnstlerin Ich arbeite \u00fcberwiegend mit Acrylfarben auf Steinen und Leinw\u00e4nde Website: www.eva-kreativ.de<\/p>\n","protected":false},"author":1,"featured_media":0,"parent":0,"menu_order":0,"comment_status":"closed","ping_status":"closed","template":"","meta":{"ngg_post_thumbnail":0},"_links":{"self":[{"href":"http:\/\/art-badkrozingen.de\/index.php?rest_route=\/wp\/v2\/pages\/6749"}],"collection":[{"href":"http:\/\/art-badkrozingen.de\/index.php?rest_route=\/wp\/v2\/pages"}],"about":[{"href":"http:\/\/art-badkrozingen.de\/index.php?rest_route=\/wp\/v2\/types\/page"}],"author":[{"embeddable":true,"href":"http:\/\/art-badkrozingen.de\/index.php?rest_route=\/wp\/v2\/users\/1"}],"replies":[{"embeddable":true,"href":"http:\/\/art-badkrozingen.de\/index.php?rest_route=%2Fwp%2Fv2%2Fcomments&post=6749"}],"version-history":[{"count":7,"href":"http:\/\/art-badkrozingen.de\/index.php?rest_route=\/wp\/v2\/pages\/6749\/revisions"}],"predecessor-version":[{"id":7456,"href":"http:\/\/art-badkrozingen.de\/index.php?rest_route=\/wp\/v2\/pages\/6749\/revisions\/7456"}],"wp:attachment":[{"href":"http:\/\/art-badkrozingen.de\/index.php?rest_route=%2Fwp%2Fv2%2Fmedia&parent=6749"}],"curies":[{"name":"wp","href":"https:\/\/api.w.org\/{rel}","templated":true}]}}